CRAN Package Check Results for Package mscstts

Last updated on 2022-12-01 15:54:37 CET.

Flavor Version Tinstall Tcheck Ttotal Status Flags
r-devel-linux-x86_64-debian-clang 0.6.3 1.95 31.16 33.11 OK
r-devel-linux-x86_64-debian-gcc 0.6.3 1.55 24.94 26.49 OK
r-devel-linux-x86_64-fedora-clang 0.6.3 53.00 NOTE
r-devel-linux-x86_64-fedora-gcc 0.6.3 51.25 NOTE
r-devel-windows-x86_64 0.6.3 30.00 68.00 98.00 OK
r-patched-linux-x86_64 0.6.3 3.94 30.53 34.47 OK
r-release-linux-x86_64 0.6.3 2.57 30.04 32.61 OK
r-release-macos-arm64 0.6.3 19.00 NOTE
r-release-macos-x86_64 0.6.3 25.00 NOTE
r-release-windows-x86_64 0.6.3 14.00 65.00 79.00 OK
r-oldrel-macos-arm64 0.6.3 19.00 NOTE
r-oldrel-macos-x86_64 0.6.3 25.00 NOTE
r-oldrel-windows-ix86+x86_64 0.6.3 7.00 57.00 64.00 OK

Check Details

Version: 0.6.3
Check: data for non-ASCII characters
Result: NOTE
     Note: found 75 marked UTF-8 strings
Flavors: r-devel-linux-x86_64-fedora-clang, r-devel-linux-x86_64-fedora-gcc, r-release-macos-arm64, r-release-macos-x86_64, r-oldrel-macos-arm64, r-oldrel-macos-x86_64