CRAN Package Check Results for Package mscstts

Last updated on 2024-07-18 01:55:36 CEST.

Flavor Version Tinstall Tcheck Ttotal Status Flags
r-devel-linux-x86_64-debian-clang 0.6.3 2.66 32.49 35.15 OK
r-devel-linux-x86_64-debian-gcc 0.6.3 1.61 24.23 25.84 OK
r-devel-linux-x86_64-fedora-clang 0.6.3 45.13 NOTE
r-devel-linux-x86_64-fedora-gcc 0.6.3 41.53 NOTE
r-devel-windows-x86_64 0.6.3 3.00 52.00 55.00 NOTE
r-patched-linux-x86_64 0.6.3 4.66 29.80 34.46 OK
r-release-linux-x86_64 0.6.3 2.46 29.69 32.15 OK
r-release-macos-arm64 0.6.3 19.00 OK
r-release-macos-x86_64 0.6.3 27.00 OK
r-release-windows-x86_64 0.6.3 3.00 54.00 57.00 OK
r-oldrel-macos-arm64 0.6.3 19.00 OK
r-oldrel-macos-x86_64 0.6.3 25.00 OK
r-oldrel-windows-x86_64 0.6.3 4.00 56.00 60.00 OK

Check Details

Version: 0.6.3
Check: data for non-ASCII characters
Result: NOTE Note: found 75 marked UTF-8 strings Flavors: r-devel-linux-x86_64-fedora-clang, r-devel-linux-x86_64-fedora-gcc

Version: 0.6.3
Check: Rd cross-references
Result: NOTE Found the following Rd file(s) with Rd \link{} targets missing package anchors: ms_list_voices.Rd: GET ms_synthesize.Rd: POST Please provide package anchors for all Rd \link{} targets not in the package itself and the base packages. Flavor: r-devel-windows-x86_64