CRAN Package Check Results for Package msgps

Last updated on 2019-08-19 10:47:19 CEST.

Flavor Version Tinstall Tcheck Ttotal Status Flags
r-devel-linux-x86_64-debian-clang 1.3.1 4.35 23.93 28.28 OK
r-devel-linux-x86_64-debian-gcc 1.3.1 3.49 18.69 22.18 OK
r-devel-linux-x86_64-fedora-clang 1.3.1 35.13 NOTE
r-devel-linux-x86_64-fedora-gcc 1.3.1 33.26 NOTE
r-devel-windows-ix86+x86_64 1.3.1 25.00 52.00 77.00 OK
r-patched-linux-x86_64 1.3.1 4.00 23.30 27.30 OK
r-patched-solaris-x86 1.3.1 53.80 OK
r-release-linux-x86_64 1.3.1 4.25 23.35 27.60 OK
r-release-windows-ix86+x86_64 1.3.1 10.00 54.00 64.00 OK
r-release-osx-x86_64 1.3.1 OK
r-oldrel-windows-ix86+x86_64 1.3.1 14.00 33.00 47.00 WARN
r-oldrel-osx-x86_64 1.3.1 OK

Check Details

Version: 1.3.1
Check: compiled code
Result: NOTE
    File ‘msgps/libs/msgps.so’:
     Found no calls to: ‘R_registerRoutines’, ‘R_useDynamicSymbols’
    
    It is good practice to register native routines and to disable symbol
    search.
    
    See ‘Writing portable packages’ in the ‘Writing R Extensions’ manual.
Flavors: r-devel-linux-x86_64-fedora-clang, r-devel-linux-x86_64-fedora-gcc

Version: 1.3.1
Check: whether package can be installed
Result: WARN
    Found the following significant warnings:
     Warning: unable to re-encode 'dfgps.R' line 51
     Warning: unable to re-encode 'msgps.R' line 98
     Warning: unable to re-encode 'plot.msgps.R' line 60
     Warning: unable to re-encode 'print.msgps.R' line 36
     Warning: unable to re-encode 'summary.msgps.R' line 45
Flavor: r-oldrel-windows-ix86+x86_64