CRAN Package Check Results for Package msgps

Last updated on 2019-12-06 05:46:42 CET.

Flavor Version Tinstall Tcheck Ttotal Status Flags
r-devel-linux-x86_64-debian-clang 1.3.1 5.15 24.17 29.32 OK
r-devel-linux-x86_64-debian-gcc 1.3.1 4.07 19.30 23.37 OK
r-devel-linux-x86_64-fedora-clang 1.3.1 35.35 NOTE
r-devel-linux-x86_64-fedora-gcc 1.3.1 34.07 NOTE
r-devel-windows-ix86+x86_64 1.3.1 11.00 52.00 63.00 OK
r-devel-windows-ix86+x86_64-gcc8 1.3.1 11.00 54.00 65.00 OK
r-patched-linux-x86_64 1.3.1 4.66 23.17 27.83 OK
r-patched-solaris-x86 1.3.1 49.40 OK
r-release-linux-x86_64 1.3.1 4.21 22.31 26.52 OK
r-release-windows-ix86+x86_64 1.3.1 10.00 54.00 64.00 OK
r-release-osx-x86_64 1.3.1 OK
r-oldrel-windows-ix86+x86_64 1.3.1 14.00 33.00 47.00 WARN
r-oldrel-osx-x86_64 1.3.1 OK

Check Details

Version: 1.3.1
Check: compiled code
Result: NOTE
    File ‘msgps/libs/msgps.so’:
     Found no calls to: ‘R_registerRoutines’, ‘R_useDynamicSymbols’
    
    It is good practice to register native routines and to disable symbol
    search.
    
    See ‘Writing portable packages’ in the ‘Writing R Extensions’ manual.
Flavors: r-devel-linux-x86_64-fedora-clang, r-devel-linux-x86_64-fedora-gcc

Version: 1.3.1
Check: whether package can be installed
Result: WARN
    Found the following significant warnings:
     Warning: unable to re-encode 'dfgps.R' line 51
     Warning: unable to re-encode 'msgps.R' line 98
     Warning: unable to re-encode 'plot.msgps.R' line 60
     Warning: unable to re-encode 'print.msgps.R' line 36
     Warning: unable to re-encode 'summary.msgps.R' line 45
Flavor: r-oldrel-windows-ix86+x86_64