CRAN Package Check Results for Package msltrend

Last updated on 2020-07-05 14:48:24 CEST.

Flavor Version Tinstall Tcheck Ttotal Status Flags
r-devel-linux-x86_64-debian-clang 1.0 11.62 71.45 83.07 NOTE
r-devel-linux-x86_64-debian-gcc 1.0 9.00 54.94 63.94 NOTE
r-devel-linux-x86_64-fedora-clang 1.0 104.37 NOTE
r-devel-linux-x86_64-fedora-gcc 1.0 92.60 NOTE
r-devel-windows-ix86+x86_64 1.0 32.00 77.00 109.00 OK
r-patched-linux-x86_64 1.0 7.55 68.61 76.16 NOTE
r-patched-solaris-x86 1.0 142.40 NOTE
r-release-linux-x86_64 1.0 7.20 69.49 76.69 NOTE
r-release-osx-x86_64 1.0 OK
r-release-windows-ix86+x86_64 1.0 22.00 89.00 111.00 OK
r-oldrel-osx-x86_64 1.0 OK
r-oldrel-windows-ix86+x86_64 1.0 34.00 115.00 149.00 OK

Check Details

Version: 1.0
Check: for non-standard things in the check directory
Result: NOTE
    Found the following files/directories:
     'Acceleration.pdf' 'File1.pdf' 'Forecast.pdf' 'Series.pdf'
     'Velocity.pdf'
Flavors: r-devel-linux-x86_64-debian-clang, r-devel-linux-x86_64-debian-gcc, r-devel-linux-x86_64-fedora-clang, r-devel-linux-x86_64-fedora-gcc, r-patched-linux-x86_64, r-patched-solaris-x86, r-release-linux-x86_64