CRAN Package Check Results for Package msltrend

Last updated on 2019-12-14 18:46:36 CET.

Flavor Version Tinstall Tcheck Ttotal Status Flags
r-devel-linux-x86_64-debian-clang 1.0 10.27 69.73 80.00 NOTE
r-devel-linux-x86_64-debian-gcc 1.0 8.31 53.34 61.65 NOTE
r-devel-linux-x86_64-fedora-clang 1.0 88.65 NOTE
r-devel-linux-x86_64-fedora-gcc 1.0 85.37 NOTE
r-devel-windows-ix86+x86_64 1.0 21.00 102.00 123.00 OK
r-devel-windows-ix86+x86_64-gcc8 1.0 21.00 102.00 123.00 OK
r-patched-linux-x86_64 1.0 7.45 59.56 67.01 OK
r-patched-solaris-x86 1.0 117.00 OK
r-release-linux-x86_64 1.0 10.22 59.65 69.87 OK
r-release-windows-ix86+x86_64 1.0 21.00 74.00 95.00 OK
r-release-osx-x86_64 1.0 OK
r-oldrel-windows-ix86+x86_64 1.0 10.00 71.00 81.00 OK
r-oldrel-osx-x86_64 1.0 OK

Check Details

Version: 1.0
Check: for non-standard things in the check directory
Result: NOTE
    Found the following files/directories:
     'Acceleration.pdf' 'File1.pdf' 'Forecast.pdf' 'Series.pdf'
     'Velocity.pdf'
Flavors: r-devel-linux-x86_64-debian-clang, r-devel-linux-x86_64-debian-gcc, r-devel-linux-x86_64-fedora-clang, r-devel-linux-x86_64-fedora-gcc