CRAN Package Check Results for Package msltrend

Last updated on 2024-03-02 13:50:26 CET.

Flavor Version Tinstall Tcheck Ttotal Status Flags
r-devel-linux-x86_64-debian-clang 1.0 12.74 84.57 97.31 NOTE
r-devel-linux-x86_64-debian-gcc 1.0 9.81 63.32 73.13 NOTE
r-devel-linux-x86_64-fedora-clang 1.0 116.49 NOTE
r-devel-linux-x86_64-fedora-gcc 1.0 112.24 NOTE
r-devel-windows-x86_64 1.0 11.00 78.00 89.00 OK
r-patched-linux-x86_64 1.0 7.62 82.07 89.69 NOTE
r-release-linux-x86_64 1.0 8.46 82.70 91.16 NOTE
r-release-macos-arm64 1.0 121.00 OK
r-release-macos-x86_64 1.0 59.00 OK
r-release-windows-x86_64 1.0 16.00 95.00 111.00 OK
r-oldrel-macos-arm64 1.0 38.00 OK
r-oldrel-windows-x86_64 1.0 14.00 95.00 109.00 OK

Check Details

Version: 1.0
Check: for non-standard things in the check directory
Result: NOTE Found the following files/directories: ‘Acceleration.pdf’ ‘File1.pdf’ ‘Forecast.pdf’ ‘Series.pdf’ ‘Velocity.pdf’ Flavors: r-devel-linux-x86_64-debian-clang, r-devel-linux-x86_64-debian-gcc, r-devel-linux-x86_64-fedora-clang, r-devel-linux-x86_64-fedora-gcc, r-patched-linux-x86_64, r-release-linux-x86_64