CRAN Package Check Results for Package mstrio

Last updated on 2020-02-19 18:47:32 CET.

Flavor Version Tinstall Tcheck Ttotal Status Flags
r-devel-linux-x86_64-debian-clang 11.2.0 10.18 38.55 48.73 OK
r-devel-linux-x86_64-debian-gcc 11.2.0 7.53 30.58 38.11 OK
r-devel-linux-x86_64-fedora-clang 11.2.0 61.36 NOTE
r-devel-linux-x86_64-fedora-gcc 11.2.0 59.28 NOTE
r-devel-windows-ix86+x86_64 11.2.0 18.00 54.00 72.00 OK
r-devel-windows-ix86+x86_64-gcc8 11.2.0 24.00 73.00 97.00 OK
r-patched-linux-x86_64 11.2.0 7.26 35.94 43.20 OK
r-patched-solaris-x86 11.2.0 86.50 NOTE
r-release-linux-x86_64 11.2.0 9.44 35.48 44.92 OK
r-release-windows-ix86+x86_64 11.2.0 14.00 48.00 62.00 OK
r-release-osx-x86_64 11.2.0 NOTE
r-oldrel-windows-ix86+x86_64 11.2.0 11.00 48.00 59.00 OK
r-oldrel-osx-x86_64 11.2.0 NOTE

Check Details

Version: 11.2.0
Check: dependencies in R code
Result: NOTE
    Namespace in Imports field not imported from: ‘miniUI’
     All declared Imports should be used.
Flavors: r-devel-linux-x86_64-fedora-clang, r-devel-linux-x86_64-fedora-gcc, r-patched-solaris-x86, r-release-osx-x86_64, r-oldrel-osx-x86_64