CRAN Package Check Results for Package mtk

Last updated on 2018-11-20 13:46:31 CET.

Flavor Version Tinstall Tcheck Ttotal Status Flags
r-devel-linux-x86_64-debian-clang 1.0 13.56 92.07 105.63 NOTE
r-devel-linux-x86_64-debian-gcc 1.0 9.24 73.81 83.05 NOTE
r-devel-linux-x86_64-fedora-clang 1.0 120.10 NOTE
r-devel-linux-x86_64-fedora-gcc 1.0 113.96 NOTE
r-devel-windows-ix86+x86_64 1.0 28.00 145.00 173.00 NOTE
r-patched-linux-x86_64 1.0 12.67 88.71 101.38 NOTE
r-patched-solaris-x86 1.0 171.90 NOTE
r-release-linux-x86_64 1.0 10.80 89.25 100.05 NOTE
r-release-windows-ix86+x86_64 1.0 20.00 141.00 161.00 NOTE
r-release-osx-x86_64 1.0 NOTE
r-oldrel-windows-ix86+x86_64 1.0 14.00 153.00 167.00 NOTE
r-oldrel-osx-x86_64 1.0 NOTE

Check Details

Version: 1.0
Check: dependencies in R code
Result: NOTE
    'library' or 'require' call to ‘MASS’ in package code.
     Please use :: or requireNamespace() instead.
     See section 'Suggested packages' in the 'Writing R Extensions' manual.
Flavors: r-devel-linux-x86_64-debian-clang, r-devel-linux-x86_64-debian-gcc, r-devel-linux-x86_64-fedora-clang, r-devel-linux-x86_64-fedora-gcc, r-devel-windows-ix86+x86_64, r-patched-linux-x86_64, r-patched-solaris-x86, r-release-linux-x86_64, r-release-windows-ix86+x86_64, r-release-osx-x86_64, r-oldrel-windows-ix86+x86_64, r-oldrel-osx-x86_64

Version: 1.0
Check: R code for possible problems
Result: NOTE
    Designer.sobol: no visible global function definition for ‘runif’
    basicMonteCarlo: no visible global function definition for ‘runif’
    lhs003: no visible global function definition for ‘runif’
    plmm.mtk : GenereXplmm: no visible binding for global variable ‘poly’
    plmm.mtk : calc.plm: no visible global function definition for ‘lm.fit’
    plmm.mtk: no visible global function definition for ‘var’
    plmm.mtk: no visible global function definition for ‘lm’
    plmm.mtk: no visible global function definition for ‘formula’
    plmm.mtk: no visible global function definition for ‘update’
    plmm.mtk: no visible global function definition for ‘stepAIC’
    plot.plmm: no visible global function definition for ‘par’
    plot.plmm: no visible global function definition for ‘barplot’
    plot.plmm: no visible global function definition for ‘segments’
    plot.plmm: no visible global function definition for ‘abline’
    plot.plmm: no visible global function definition for ‘title’
    plot.plmm: no visible global function definition for ‘legend’
    plot.regressionSI: no visible global function definition for ‘par’
    plot.regressionSI: no visible global function definition for ‘title’
    plot.regressionSI: no visible global function definition for ‘abline’
    plot,mtkProcess: no visible global function definition for ‘dev.new’
    Undefined global functions or variables:
     abline barplot dev.new formula legend lm lm.fit par poly runif
     segments stepAIC title update var
    Consider adding
     importFrom("grDevices", "dev.new")
     importFrom("graphics", "abline", "barplot", "legend", "par",
     "segments", "title")
     importFrom("stats", "formula", "lm", "lm.fit", "poly", "runif",
     "update", "var")
    to your NAMESPACE file.
Flavors: r-devel-linux-x86_64-debian-clang, r-devel-linux-x86_64-debian-gcc, r-devel-linux-x86_64-fedora-clang, r-devel-linux-x86_64-fedora-gcc, r-devel-windows-ix86+x86_64, r-patched-linux-x86_64, r-patched-solaris-x86, r-release-linux-x86_64, r-release-windows-ix86+x86_64, r-release-osx-x86_64, r-oldrel-windows-ix86+x86_64, r-oldrel-osx-x86_64

Version: 1.0
Check: data for non-ASCII characters
Result: NOTE
     Note: found 2 marked UTF-8 strings
Flavors: r-devel-linux-x86_64-fedora-clang, r-devel-linux-x86_64-fedora-gcc, r-patched-solaris-x86, r-release-osx-x86_64, r-oldrel-osx-x86_64