CRAN Package Check Results for Package mtk

Last updated on 2018-02-24 22:47:37 CET.

Flavor Version Tinstall Tcheck Ttotal Status Flags
r-devel-linux-x86_64-debian-clang 1.0 10.32 89.35 99.67 NOTE
r-devel-linux-x86_64-debian-gcc 1.0 10.41 69.41 79.82 NOTE
r-devel-linux-x86_64-fedora-clang 1.0 119.98 NOTE
r-devel-linux-x86_64-fedora-gcc 1.0 113.46 NOTE
r-devel-windows-ix86+x86_64 1.0 27.00 130.00 157.00 NOTE
r-patched-linux-x86_64 1.0 4.52 93.03 97.55 NOTE
r-patched-solaris-x86 1.0 146.90 NOTE
r-release-linux-x86_64 1.0 4.79 92.90 97.69 NOTE
r-release-windows-ix86+x86_64 1.0 17.00 132.00 149.00 NOTE
r-release-osx-x86_64 1.0 NOTE
r-oldrel-windows-ix86+x86_64 1.0 14.00 107.00 121.00 NOTE
r-oldrel-osx-x86_64 1.0 WARN

Check Details

Version: 1.0
Check: dependencies in R code
Result: NOTE
    'library' or 'require' call to ‘MASS’ in package code.
     Please use :: or requireNamespace() instead.
     See section 'Suggested packages' in the 'Writing R Extensions' manual.
Flavors: r-devel-linux-x86_64-debian-clang, r-devel-linux-x86_64-debian-gcc, r-devel-linux-x86_64-fedora-clang, r-devel-linux-x86_64-fedora-gcc, r-devel-windows-ix86+x86_64, r-patched-linux-x86_64, r-patched-solaris-x86, r-release-linux-x86_64, r-release-windows-ix86+x86_64, r-release-osx-x86_64, r-oldrel-windows-ix86+x86_64

Version: 1.0
Check: R code for possible problems
Result: NOTE
    Designer.sobol: no visible global function definition for ‘runif’
    basicMonteCarlo: no visible global function definition for ‘runif’
    lhs003: no visible global function definition for ‘runif’
    plmm.mtk : GenereXplmm: no visible binding for global variable ‘poly’
    plmm.mtk : calc.plm: no visible global function definition for ‘lm.fit’
    plmm.mtk: no visible global function definition for ‘var’
    plmm.mtk: no visible global function definition for ‘lm’
    plmm.mtk: no visible global function definition for ‘formula’
    plmm.mtk: no visible global function definition for ‘update’
    plmm.mtk: no visible global function definition for ‘stepAIC’
    plot.plmm: no visible global function definition for ‘par’
    plot.plmm: no visible global function definition for ‘barplot’
    plot.plmm: no visible global function definition for ‘segments’
    plot.plmm: no visible global function definition for ‘abline’
    plot.plmm: no visible global function definition for ‘title’
    plot.plmm: no visible global function definition for ‘legend’
    plot.regressionSI: no visible global function definition for ‘par’
    plot.regressionSI: no visible global function definition for ‘title’
    plot.regressionSI: no visible global function definition for ‘abline’
    plot,mtkProcess: no visible global function definition for ‘dev.new’
    Undefined global functions or variables:
     abline barplot dev.new formula legend lm lm.fit par poly runif
     segments stepAIC title update var
    Consider adding
     importFrom("grDevices", "dev.new")
     importFrom("graphics", "abline", "barplot", "legend", "par",
     "segments", "title")
     importFrom("stats", "formula", "lm", "lm.fit", "poly", "runif",
     "update", "var")
    to your NAMESPACE file.
Flavors: r-devel-linux-x86_64-debian-clang, r-devel-linux-x86_64-debian-gcc, r-devel-linux-x86_64-fedora-clang, r-devel-linux-x86_64-fedora-gcc, r-devel-windows-ix86+x86_64, r-patched-linux-x86_64, r-patched-solaris-x86, r-release-linux-x86_64, r-release-windows-ix86+x86_64, r-release-osx-x86_64, r-oldrel-windows-ix86+x86_64

Version: 1.0
Check: data for non-ASCII characters
Result: NOTE
     Note: found 2 marked UTF-8 strings
Flavors: r-devel-linux-x86_64-fedora-clang, r-devel-linux-x86_64-fedora-gcc, r-patched-solaris-x86, r-release-osx-x86_64

Version: 1.0
Check: whether package can be installed
Result: WARN
    Found the following significant warnings:
     Warning: 'rgl_init' failed, running with rgl.useNULL = TRUE
Flavor: r-oldrel-osx-x86_64

Version: 1.0
Check: dependencies in R code
Result: NOTE
    Invalid MIT-MAGIC-COOKIE-1 key'library' or 'require' call to ‘MASS’ in package code.
     Please use :: or requireNamespace() instead.
     See section 'Suggested packages' in the 'Writing R Extensions' manual.
Flavor: r-oldrel-osx-x86_64

Version: 1.0
Check: S3 generic/method consistency
Result: WARN
    Invalid MIT-MAGIC-COOKIE-1 key
    See section ‘Generic functions and methods’ in the ‘Writing R
    Extensions’ manual.
Flavor: r-oldrel-osx-x86_64

Version: 1.0
Check: replacement functions
Result: WARN
    Invalid MIT-MAGIC-COOKIE-1 key
    The argument of a replacement function which corresponds to the right
    hand side must be named ‘value’.
Flavor: r-oldrel-osx-x86_64

Version: 1.0
Check: foreign function calls
Result: NOTE
    Invalid MIT-MAGIC-COOKIE-1 key
    See chapter ‘System and foreign language interfaces’ in the ‘Writing R
    Extensions’ manual.
Flavor: r-oldrel-osx-x86_64

Version: 1.0
Check: R code for possible problems
Result: NOTE
    Invalid MIT-MAGIC-COOKIE-1 keyDesigner.sobol: no visible global function definition for ‘runif’
    basicMonteCarlo: no visible global function definition for ‘runif’
    lhs003: no visible global function definition for ‘runif’
    plmm.mtk : GenereXplmm: no visible binding for global variable ‘poly’
    plmm.mtk : calc.plm: no visible global function definition for ‘lm.fit’
    plmm.mtk: no visible global function definition for ‘var’
    plmm.mtk: no visible global function definition for ‘lm’
    plmm.mtk: no visible global function definition for ‘formula’
    plmm.mtk: no visible global function definition for ‘update’
    plmm.mtk: no visible global function definition for ‘stepAIC’
    plot.plmm: no visible global function definition for ‘par’
    plot.plmm: no visible global function definition for ‘barplot’
    plot.plmm: no visible global function definition for ‘segments’
    plot.plmm: no visible global function definition for ‘abline’
    plot.plmm: no visible global function definition for ‘title’
    plot.plmm: no visible global function definition for ‘legend’
    plot.regressionSI: no visible global function definition for ‘par’
    plot.regressionSI: no visible global function definition for ‘title’
    plot.regressionSI: no visible global function definition for ‘abline’
    plot,mtkProcess: no visible global function definition for ‘dev.new’
    Undefined global functions or variables:
     abline barplot dev.new formula legend lm lm.fit par poly runif
     segments stepAIC title update var
    Consider adding
     importFrom("grDevices", "dev.new")
     importFrom("graphics", "abline", "barplot", "legend", "par",
     "segments", "title")
     importFrom("stats", "formula", "lm", "lm.fit", "poly", "runif",
     "update", "var")
    to your NAMESPACE file.
Flavor: r-oldrel-osx-x86_64

Version: 1.0
Check: for missing documentation entries
Result: WARN
    Invalid MIT-MAGIC-COOKIE-1 key
    All user-level objects in a package should have documentation entries.
    See chapter ‘Writing R documentation files’ in the ‘Writing R
    Extensions’ manual.
Flavor: r-oldrel-osx-x86_64

Version: 1.0
Check: for code/documentation mismatches
Result: WARN
    Invalid MIT-MAGIC-COOKIE-1 key
    Invalid MIT-MAGIC-COOKIE-1 key
    Invalid MIT-MAGIC-COOKIE-1 key
Flavor: r-oldrel-osx-x86_64

Version: 1.0
Check: Rd \usage sections
Result: NOTE
    Invalid MIT-MAGIC-COOKIE-1 key
    The \usage entries for S3 methods should use the \method markup and not
    their full name.
    See chapter ‘Writing R documentation files’ in the ‘Writing R
    Extensions’ manual.
Flavor: r-oldrel-osx-x86_64

Version: 1.0
Check: data for non-ASCII characters
Result: NOTE
     Invalid MIT-MAGIC-COOKIE-1 keyNote: found 2 marked UTF-8 strings
Flavor: r-oldrel-osx-x86_64