CRAN Package Check Results for Package mtsta

Last updated on 2024-02-27 14:49:31 CET.

Flavor Version Tinstall Tcheck Ttotal Status Flags
r-devel-linux-x86_64-debian-clang 0.0.0.1 2.47 28.69 31.16 OK
r-devel-linux-x86_64-debian-gcc 0.0.0.1 1.84 22.79 24.63 OK
r-devel-linux-x86_64-fedora-clang 0.0.0.1 39.15 NOTE
r-devel-linux-x86_64-fedora-gcc 0.0.0.1 49.42 NOTE
r-devel-windows-x86_64 0.0.0.1 3.00 46.00 49.00 OK
r-patched-linux-x86_64 0.0.0.1 2.34 28.33 30.67 OK
r-release-linux-x86_64 0.0.0.1 1.76 28.00 29.76 OK
r-release-macos-arm64 0.0.0.1 24.00 OK
r-release-macos-x86_64 0.0.0.1 60.00 OK
r-release-windows-x86_64 0.0.0.1 4.00 46.00 50.00 OK
r-oldrel-macos-arm64 0.0.0.1 24.00 OK
r-oldrel-windows-x86_64 0.0.0.1 4.00 49.00 53.00 OK

Check Details

Version: 0.0.0.1
Check: data for non-ASCII characters
Result: NOTE Note: found 303 marked UTF-8 strings Flavors: r-devel-linux-x86_64-fedora-clang, r-devel-linux-x86_64-fedora-gcc