CRAN Package Check Results for Package mudata2

Last updated on 2018-05-21 06:49:05 CEST.

Flavor Version Tinstall Tcheck Ttotal Status Flags
r-devel-linux-x86_64-debian-clang 1.0.2 6.12 120.30 126.42 WARN
r-devel-linux-x86_64-debian-gcc 1.0.2 5.35 105.66 111.01 WARN
r-devel-linux-x86_64-fedora-clang 1.0.2 157.91 OK
r-devel-linux-x86_64-fedora-gcc 1.0.2 155.98 OK
r-devel-windows-ix86+x86_64 1.0.2 10.00 135.00 145.00 OK
r-patched-linux-x86_64 1.0.2 6.56 123.85 130.41 OK
r-patched-solaris-x86 1.0.2 209.50 OK
r-release-linux-x86_64 1.0.2 4.95 128.49 133.44 OK
r-release-windows-ix86+x86_64 1.0.2 10.00 207.00 217.00 OK
r-release-osx-x86_64 1.0.2 OK
r-oldrel-windows-ix86+x86_64 1.0.2 8.00 137.00 145.00 OK
r-oldrel-osx-x86_64 1.0.2 OK

Check Details

Version: 1.0.2
Check: for unstated dependencies in ‘tests’
Result: WARN
    '::' or ':::' import not declared from: ‘hms’
Flavors: r-devel-linux-x86_64-debian-clang, r-devel-linux-x86_64-debian-gcc