Last updated on 2019-02-20 13:46:34 CET.
Flavor | Version | Tinstall | Tcheck | Ttotal | Status | Flags |
---|---|---|---|---|---|---|
r-devel-linux-x86_64-debian-clang | 1.0.5 | 7.28 | 133.37 | 140.65 | OK | |
r-devel-linux-x86_64-debian-gcc | 1.0.5 | 5.68 | 102.21 | 107.89 | OK | |
r-devel-linux-x86_64-fedora-clang | 1.0.5 | 171.59 | OK | |||
r-devel-linux-x86_64-fedora-gcc | 1.0.5 | 152.32 | OK | |||
r-devel-windows-ix86+x86_64 | 1.0.5 | 18.00 | 188.00 | 206.00 | OK | |
r-patched-linux-x86_64 | 1.0.5 | OK | ||||
r-patched-solaris-x86 | 1.0.5 | 200.20 | ERROR | |||
r-release-linux-x86_64 | 1.0.5 | OK | ||||
r-release-windows-ix86+x86_64 | 1.0.5 | 10.00 | 187.00 | 197.00 | OK | |
r-release-osx-x86_64 | 1.0.5 | ERROR | ||||
r-oldrel-windows-ix86+x86_64 | 1.0.5 | 17.00 | 165.00 | 182.00 | OK | |
r-oldrel-osx-x86_64 | 1.0.5 | ERROR |
Version: 1.0.5
Check: tests
Result: ERROR
Running ‘test-all.R’ [61s/78s]
Running the tests in ‘tests/test-all.R’ failed.
Complete output:
>
> library(testthat)
>
> test_check("mudata2")
Loading required package: mudata2
Attaching package: 'mudata2'
The following object is masked from 'package:testthat':
matches
── 1. Error: read/write functions work inside RMarkdown (@test_mudata.io.R#554)
pandoc version 1.12.3 or higher is required and was not found (see the help page ?rmarkdown::pandoc_available).
1: rmarkdown::render(tf, quiet = TRUE) at testthat/test_mudata.io.R:554
2: pandoc_available(required_pandoc, error = TRUE)
3: stop(paste(msg, collapse = " "), call. = FALSE)
OGR: Unsupported geometry type
OGR: Unsupported geometry type
OGR: Unsupported geometry type
OGR: Unsupported geometry type
OGR: Unsupported geometry type
══ testthat results ═══════════════════════════════════════════════════════════
OK: 967 SKIPPED: 0 FAILED: 1
1. Error: read/write functions work inside RMarkdown (@test_mudata.io.R#554)
Error: testthat unit tests failed
Execution halted
Flavor: r-patched-solaris-x86
Version: 1.0.5
Check: tests
Result: ERROR
Running ‘test-all.R’ [31s/31s]
Running the tests in ‘tests/test-all.R’ failed.
Last 13 lines of output:
1: rmarkdown::render(tf, quiet = TRUE) at testthat/test_mudata.io.R:554
2: pandoc_available(required_pandoc, error = TRUE)
3: stop(paste(msg, collapse = " "), call. = FALSE)
OGR: Unsupported geometry type
OGR: Unsupported geometry type
OGR: Unsupported geometry type
OGR: Unsupported geometry type
OGR: Unsupported geometry type
══ testthat results ═══════════════════════════════════════════════════════════
OK: 967 SKIPPED: 0 FAILED: 1
1. Error: read/write functions work inside RMarkdown (@test_mudata.io.R#554)
Error: testthat unit tests failed
Execution halted
Flavor: r-release-osx-x86_64
Version: 1.0.5
Check: tests
Result: ERROR
Running ‘test-all.R’ [32s/32s]
Running the tests in ‘tests/test-all.R’ failed.
Last 13 lines of output:
1: rmarkdown::render(tf, quiet = TRUE) at testthat/test_mudata.io.R:554
2: pandoc_available(required_pandoc, error = TRUE)
3: stop(paste(msg, collapse = " "), call. = FALSE)
OGR: Unsupported geometry type
OGR: Unsupported geometry type
OGR: Unsupported geometry type
OGR: Unsupported geometry type
OGR: Unsupported geometry type
══ testthat results ═══════════════════════════════════════════════════════════
OK: 967 SKIPPED: 0 FAILED: 1
1. Error: read/write functions work inside RMarkdown (@test_mudata.io.R#554)
Error: testthat unit tests failed
Execution halted
Flavor: r-oldrel-osx-x86_64