CRAN Package Check Results for Package mudfold

Last updated on 2024-02-28 10:14:08 CET.

Flavor Version Tinstall Tcheck Ttotal Status Flags
r-devel-linux-x86_64-debian-clang 1.1.21 19.32 135.96 155.28 NOTE
r-devel-linux-x86_64-debian-gcc 1.1.21 14.64 101.14 115.78 NOTE
r-devel-linux-x86_64-fedora-clang 1.1.21 189.05 NOTE
r-devel-linux-x86_64-fedora-gcc 1.1.21 180.31 NOTE
r-devel-windows-x86_64 1.1.21 15.00 109.00 124.00 OK
r-patched-linux-x86_64 1.1.21 13.27 133.21 146.48 OK
r-release-linux-x86_64 1.1.21 12.14 133.60 145.74 OK
r-release-macos-arm64 1.1.21 57.00 OK
r-release-macos-x86_64 1.1.21 91.00 OK
r-release-windows-x86_64 1.1.21 21.00 132.00 153.00 OK
r-oldrel-macos-arm64 1.1.21 49.00 OK
r-oldrel-windows-x86_64 1.1.21 24.00 144.00 168.00 OK

Check Details

Version: 1.1.21
Check: Rd files
Result: NOTE checkRd: (-1) coef.mdf.Rd:17: Lost braces; missing escapes or markup? 17 | \item{type}{: Argument that controls the type of parameters to be returned. If \code{type="persons"} (default), a vector with the person parameters is returned. When \code{type="items"} then a vector with the item ranks obtained by the MUDFOLD item selection algorithm is returned. If {type="all"} then a list with both person and item coefficients is returned to the user. | ^ Flavors: r-devel-linux-x86_64-debian-clang, r-devel-linux-x86_64-debian-gcc, r-devel-linux-x86_64-fedora-clang, r-devel-linux-x86_64-fedora-gcc