Last updated on 2022-08-08 03:55:48 CEST.
Flavor | Version | Tinstall | Tcheck | Ttotal | Status | Flags |
---|---|---|---|---|---|---|
r-devel-linux-x86_64-debian-clang | 0.1.0 | 5.90 | 52.70 | 58.60 | NOTE | |
r-devel-linux-x86_64-debian-gcc | 0.1.0 | 4.06 | 38.32 | 42.38 | NOTE | |
r-devel-linux-x86_64-fedora-clang | 0.1.0 | 82.68 | NOTE | |||
r-devel-linux-x86_64-fedora-gcc | 0.1.0 | 78.22 | NOTE | |||
r-devel-windows-x86_64 | 0.1.0 | 12.00 | 74.00 | 86.00 | NOTE | |
r-patched-linux-x86_64 | 0.1.0 | 4.61 | 48.66 | 53.27 | NOTE | |
r-release-linux-x86_64 | 0.1.0 | NOTE | ||||
r-release-macos-arm64 | 0.1.0 | 23.00 | NOTE | |||
r-release-macos-x86_64 | 0.1.0 | 39.00 | NOTE | |||
r-release-windows-x86_64 | 0.1.0 | 10.00 | 70.00 | 80.00 | NOTE | |
r-oldrel-macos-arm64 | 0.1.0 | 30.00 | NOTE | |||
r-oldrel-macos-x86_64 | 0.1.0 | 38.00 | NOTE | |||
r-oldrel-windows-ix86+x86_64 | 0.1.0 | 14.00 | 73.00 | 87.00 | NOTE |
Version: 0.1.0
Check: LazyData
Result: NOTE
'LazyData' is specified without a 'data' directory
Flavors: r-devel-linux-x86_64-debian-clang, r-devel-linux-x86_64-debian-gcc, r-devel-linux-x86_64-fedora-clang, r-devel-linux-x86_64-fedora-gcc, r-devel-windows-x86_64, r-patched-linux-x86_64, r-release-linux-x86_64, r-release-macos-arm64, r-release-macos-x86_64, r-release-windows-x86_64, r-oldrel-macos-arm64, r-oldrel-macos-x86_64, r-oldrel-windows-ix86+x86_64