Last updated on 2022-05-27 06:51:28 CEST.
Flavor | Version | Tinstall | Tcheck | Ttotal | Status | Flags |
---|---|---|---|---|---|---|
r-devel-linux-x86_64-debian-clang | 1.0.1 | 38.16 | 49.49 | 87.65 | OK | |
r-devel-linux-x86_64-debian-gcc | 1.0.1 | 33.41 | 37.76 | 71.17 | OK | |
r-devel-linux-x86_64-fedora-clang | 1.0.1 | 125.58 | NOTE | |||
r-devel-linux-x86_64-fedora-gcc | 1.0.1 | 103.02 | OK | |||
r-devel-windows-x86_64 | 1.0.1 | 38.00 | 87.00 | 125.00 | OK | |
r-patched-linux-x86_64 | 1.0.1 | 38.74 | 48.59 | 87.33 | OK | |
r-release-linux-x86_64 | 1.0.1 | 34.32 | 49.79 | 84.11 | OK | |
r-release-macos-arm64 | 1.0.1 | 32.00 | OK | |||
r-release-macos-x86_64 | 1.0.1 | 43.00 | OK | |||
r-release-windows-x86_64 | 1.0.1 | 48.00 | 88.00 | 136.00 | OK | |
r-oldrel-macos-arm64 | 1.0.1 | 38.00 | OK | |||
r-oldrel-macos-x86_64 | 1.0.1 | 56.00 | OK | |||
r-oldrel-windows-ix86+x86_64 | 1.0.1 | 94.00 | 94.00 | 188.00 | OK |
Version: 1.0.1
Check: Rd cross-references
Result: NOTE
Undeclared package ‘slam’ in Rd xrefs
Flavor: r-devel-linux-x86_64-fedora-clang