CRAN Package Check Results for Package multiclassPairs

Last updated on 2021-04-15 02:47:45 CEST.

Flavor Version Tinstall Tcheck Ttotal Status Flags
r-devel-linux-x86_64-debian-clang 0.4.2 18.16 209.58 227.74 NOTE
r-devel-linux-x86_64-debian-gcc 0.4.2 14.28 158.74 173.02 NOTE
r-devel-linux-x86_64-fedora-clang 0.4.2 275.63 NOTE
r-devel-linux-x86_64-fedora-gcc 0.4.2 269.61 NOTE
r-devel-windows-ix86+x86_64 0.4.2 38.00 5.00 43.00 NOTE
r-devel-windows-x86_64-gcc10-UCRT 0.4.2 WARN
r-patched-linux-x86_64 0.4.2 14.36 197.51 211.87 OK
r-patched-solaris-x86 0.4.2 692.00 NOTE
r-release-linux-x86_64 0.4.2 16.66 197.79 214.45 OK
r-release-macos-x86_64 0.4.2 NOTE
r-release-windows-ix86+x86_64 0.4.2 41.00 253.00 294.00 NOTE
r-oldrel-macos-x86_64 0.4.2 ERROR

Check Details

Version: 0.4.2
Check: LazyData
Result: NOTE
     'LazyData' is specified without a 'data' directory
Flavors: r-devel-linux-x86_64-debian-clang, r-devel-linux-x86_64-debian-gcc, r-devel-linux-x86_64-fedora-clang, r-devel-linux-x86_64-fedora-gcc, r-devel-windows-x86_64-gcc10-UCRT

Version: 0.4.2
Check: package dependencies
Result: NOTE
    Package suggested but not available for checking: 'leukemiasEset'
Flavors: r-devel-windows-ix86+x86_64, r-patched-solaris-x86, r-release-windows-ix86+x86_64

Version: 0.4.2
Check: package dependencies
Result: NOTE
    Packages suggested but not available for checking:
     'switchBox', 'leukemiasEset'
Flavor: r-devel-windows-x86_64-gcc10-UCRT

Version: 0.4.2
Check: re-building of vignette outputs
Result: WARN
    Error(s) in re-building vignettes:
     ...
    --- re-building 'Tutorial.Rmd' using rmarkdown
    Bioconductor version 3.13 (BiocManager 1.30.12), R Under development (unstable)
     (2021-04-09 r80154)
    Installing package(s) 'BiocVersion', 'switchBox'
    trying URL 'https://bioconductor.org/packages/3.13/bioc/bin/windows/contrib/4.1/BiocVersion_3.13.1.zip'
    Content type 'application/zip' length 9399 bytes
    ==================================================
    downloaded 9399 bytes
    
    trying URL 'https://bioconductor.org/packages/3.13/bioc/bin/windows/contrib/4.1/switchBox_1.27.0.zip'
    Content type 'application/zip' length 725640 bytes (708 KB)
    ==================================================
    downloaded 708 KB
    
    Quitting from lines 50-78 (Tutorial.Rmd)
    Error: processing vignette 'Tutorial.Rmd' failed with diagnostics:
    package 'switchBox' not installed because it is not built for UCRT
    --- failed re-building 'Tutorial.Rmd'
    
    SUMMARY: processing the following file failed:
     'Tutorial.Rmd'
    
    Error: Vignette re-building failed.
    Execution halted
Flavor: r-devel-windows-x86_64-gcc10-UCRT

Version: 0.4.2
Check: package dependencies
Result: NOTE
    Package suggested but not available for checking: ‘switchBox’
Flavor: r-release-macos-x86_64

Version: 0.4.2
Check: package dependencies
Result: NOTE
    Packages suggested but not available for checking:
     'switchBox', 'BiocStyle', 'leukemiasEset'
Flavor: r-oldrel-macos-x86_64

Version: 0.4.2
Check: whether package can be installed
Result: ERROR
    Installation failed.
Flavor: r-oldrel-macos-x86_64