CRAN Package Check Results for Package multidplyr

Last updated on 2021-05-10 20:48:46 CEST.

Flavor Version Tinstall Tcheck Ttotal Status Flags
r-devel-linux-x86_64-debian-clang 0.1.0 5.02 122.56 127.58 NOTE
r-devel-linux-x86_64-debian-gcc 0.1.0 4.32 96.37 100.69 NOTE
r-devel-linux-x86_64-fedora-clang 0.1.0 159.47 NOTE
r-devel-linux-x86_64-fedora-gcc 0.1.0 153.69 NOTE
r-devel-windows-ix86+x86_64 0.1.0 10.00 141.00 151.00 NOTE
r-devel-windows-x86_64-gcc10-UCRT 0.1.0 NOTE
r-patched-linux-x86_64 0.1.0 5.65 120.50 126.15 NOTE
r-patched-solaris-x86 0.1.0 249.20 NOTE
r-release-linux-x86_64 0.1.0 4.45 137.94 142.39 OK
r-release-macos-x86_64 0.1.0 NOTE
r-release-windows-ix86+x86_64 0.1.0 10.00 105.00 115.00 OK
r-oldrel-macos-x86_64 0.1.0 NOTE
r-oldrel-windows-ix86+x86_64 0.1.0 10.00 166.00 176.00 OK

Check Details

Version: 0.1.0
Check: LazyData
Result: NOTE
     'LazyData' is specified without a 'data' directory
Flavors: r-devel-linux-x86_64-debian-clang, r-devel-linux-x86_64-debian-gcc, r-devel-linux-x86_64-fedora-clang, r-devel-linux-x86_64-fedora-gcc, r-devel-windows-ix86+x86_64, r-devel-windows-x86_64-gcc10-UCRT, r-patched-linux-x86_64, r-patched-solaris-x86

Version: 0.1.0
Check: dependencies in R code
Result: NOTE
    Namespace in Imports field not imported from: ‘R6’
     All declared Imports should be used.
Flavors: r-devel-linux-x86_64-fedora-clang, r-devel-linux-x86_64-fedora-gcc, r-devel-windows-x86_64-gcc10-UCRT, r-patched-solaris-x86, r-release-macos-x86_64, r-oldrel-macos-x86_64