CRAN Package Check Results for Package multilinguer

Last updated on 2021-05-16 20:46:57 CEST.

Flavor Version Tinstall Tcheck Ttotal Status Flags
r-devel-linux-x86_64-debian-clang 0.0.4 3.53 28.71 32.24 NOTE
r-devel-linux-x86_64-debian-gcc 0.0.4 2.28 22.95 25.23 NOTE
r-devel-linux-x86_64-fedora-clang 0.0.4 47.89 NOTE
r-devel-linux-x86_64-fedora-gcc 0.0.4 37.49 NOTE
r-devel-windows-ix86+x86_64 0.0.4 8.00 33.00 41.00 NOTE
r-devel-windows-x86_64-gcc10-UCRT 0.0.4 NOTE
r-patched-linux-x86_64 0.0.4 2.98 28.36 31.34 NOTE
r-patched-solaris-x86 0.0.4 58.30 NOTE
r-release-linux-x86_64 0.0.4 3.58 27.99 31.57 OK
r-release-macos-x86_64 0.0.4 OK
r-release-windows-ix86+x86_64 0.0.4 5.00 33.00 38.00 OK
r-oldrel-macos-x86_64 0.0.4 OK
r-oldrel-windows-ix86+x86_64 0.0.4 4.00 41.00 45.00 OK

Check Details

Version: 0.0.4
Check: LazyData
Result: NOTE
     'LazyData' is specified without a 'data' directory
Flavors: r-devel-linux-x86_64-debian-clang, r-devel-linux-x86_64-debian-gcc, r-devel-linux-x86_64-fedora-clang, r-devel-linux-x86_64-fedora-gcc, r-devel-windows-ix86+x86_64, r-devel-windows-x86_64-gcc10-UCRT, r-patched-linux-x86_64, r-patched-solaris-x86