CRAN Package Check Results for Package multilink

Last updated on 2025-01-24 16:49:18 CET.

Flavor Version Tinstall Tcheck Ttotal Status Flags
r-devel-linux-x86_64-debian-clang 0.1.1 65.38 43.57 108.95 OK
r-devel-linux-x86_64-debian-gcc 0.1.1 49.47 30.43 79.90 OK
r-devel-linux-x86_64-fedora-clang 0.1.1 207.14 OK
r-devel-linux-x86_64-fedora-gcc 0.1.1 213.38 OK
r-devel-windows-x86_64 0.1.1 69.00 86.00 155.00 OK
r-patched-linux-x86_64 0.1.1 65.57 41.07 106.64 OK
r-release-linux-x86_64 0.1.1 61.38 41.26 102.64 OK
r-release-macos-arm64 0.1.1 50.00 OK
r-release-macos-x86_64 0.1.1 57.00 OK
r-release-windows-x86_64 0.1.1 68.00 88.00 156.00 OK
r-oldrel-macos-arm64 0.1.1 129.00 NOTE
r-oldrel-macos-x86_64 0.1.1 62.00 OK
r-oldrel-windows-x86_64 0.1.1 76.00 102.00 178.00 OK

Check Details

Version: 0.1.1
Check: installed package size
Result: NOTE installed size is 5.1Mb sub-directories of 1Mb or more: libs 4.9Mb Flavor: r-oldrel-macos-arm64