Last updated on 2022-05-27 06:51:28 CEST.
Flavor | Version | Tinstall | Tcheck | Ttotal | Status | Flags |
---|---|---|---|---|---|---|
r-devel-linux-x86_64-debian-clang | 4.0.1 | 633.35 | 56.63 | 689.98 | OK | |
r-devel-linux-x86_64-debian-gcc | 4.0.1 | 754.93 | 45.27 | 800.20 | OK | |
r-devel-linux-x86_64-fedora-clang | 4.0.1 | 1314.77 | NOTE | |||
r-devel-linux-x86_64-fedora-gcc | 4.0.1 | 1276.49 | OK | |||
r-devel-windows-x86_64 | 4.0.1 | 686.00 | 143.00 | 829.00 | OK | |
r-patched-linux-x86_64 | 4.0.1 | 769.49 | 56.36 | 825.85 | OK | |
r-release-linux-x86_64 | 4.0.1 | 789.03 | 55.94 | 844.97 | OK | |
r-release-macos-arm64 | 4.0.1 | 307.00 | NOTE | |||
r-release-macos-x86_64 | 4.0.1 | 406.00 | NOTE | |||
r-release-windows-x86_64 | 4.0.1 | 840.00 | 136.00 | 976.00 | OK | |
r-oldrel-macos-arm64 | 4.0.1 | 266.00 | NOTE | |||
r-oldrel-macos-x86_64 | 4.0.1 | 435.00 | NOTE | |||
r-oldrel-windows-ix86+x86_64 | 4.0.1 | 1856.00 | 132.00 | 1988.00 | NOTE |
Version: 4.0.1
Check: installed package size
Result: NOTE
installed size is 49.1Mb
sub-directories of 1Mb or more:
libs 48.8Mb
Flavors: r-devel-linux-x86_64-fedora-clang, r-release-macos-arm64, r-release-macos-x86_64, r-oldrel-macos-arm64, r-oldrel-macos-x86_64, r-oldrel-windows-ix86+x86_64