CRAN Package Check Results for Package multinet

Last updated on 2018-05-21 15:46:51 CEST.

Flavor Version Tinstall Tcheck Ttotal Status Flags
r-devel-linux-x86_64-debian-clang 1.1.4 434.14 35.20 469.34 OK
r-devel-linux-x86_64-debian-gcc 1.1.4 398.36 38.75 437.11 OK
r-devel-linux-x86_64-fedora-clang 1.1.4 722.02 NOTE
r-devel-linux-x86_64-fedora-gcc 1.1.4 719.73 NOTE
r-devel-windows-ix86+x86_64 1.1.4 1184.00 90.00 1274.00 NOTE
r-patched-linux-x86_64 1.1.4 473.23 45.82 519.05 OK
r-patched-solaris-x86 1.1.4 636.80 OK
r-release-linux-x86_64 1.1.4 469.92 45.77 515.69 OK
r-release-windows-ix86+x86_64 1.1.4 1233.00 135.00 1368.00 NOTE
r-release-osx-x86_64 1.1.4 NOTE
r-oldrel-windows-ix86+x86_64 1.1.4 1248.00 103.00 1351.00 NOTE
r-oldrel-osx-x86_64 1.1.4 NOTE

Check Details

Version: 1.1.4
Check: installed package size
Result: NOTE
     installed size is 75.8Mb
     sub-directories of 1Mb or more:
     libs 75.6Mb
Flavors: r-devel-linux-x86_64-fedora-clang, r-devel-linux-x86_64-fedora-gcc, r-devel-windows-ix86+x86_64, r-release-windows-ix86+x86_64, r-release-osx-x86_64, r-oldrel-windows-ix86+x86_64, r-oldrel-osx-x86_64