CRAN Package Check Results for Package multinet

Last updated on 2018-08-21 20:46:36 CEST.

Flavor Version Tinstall Tcheck Ttotal Status Flags
r-devel-linux-x86_64-debian-clang 1.1.5 436.62 41.48 478.10 OK
r-devel-linux-x86_64-debian-gcc 1.1.5 447.49 41.07 488.56 OK
r-devel-linux-x86_64-fedora-clang 1.1.5 707.43 NOTE
r-devel-linux-x86_64-fedora-gcc 1.1.5 761.61 OK
r-devel-windows-ix86+x86_64 1.1.5 1215.00 122.00 1337.00 NOTE
r-patched-linux-x86_64 1.1.5 536.58 46.03 582.61 OK
r-patched-solaris-x86 1.1.5 630.30 OK
r-release-linux-x86_64 1.1.5 550.19 45.76 595.95 OK
r-release-windows-ix86+x86_64 1.1.5 1255.00 83.00 1338.00 NOTE
r-release-osx-x86_64 1.1.5 NOTE
r-oldrel-windows-ix86+x86_64 1.1.5 956.00 108.00 1064.00 NOTE
r-oldrel-osx-x86_64 1.1.5 NOTE

Check Details

Version: 1.1.5
Check: installed package size
Result: NOTE
     installed size is 76.0Mb
     sub-directories of 1Mb or more:
     libs 75.8Mb
Flavors: r-devel-linux-x86_64-fedora-clang, r-devel-windows-ix86+x86_64, r-release-windows-ix86+x86_64, r-release-osx-x86_64, r-oldrel-windows-ix86+x86_64, r-oldrel-osx-x86_64