CRAN Package Check Results for Package multinet

Last updated on 2018-02-26 01:46:28 CET.

Flavor Version Tinstall Tcheck Ttotal Status Flags
r-devel-linux-x86_64-debian-clang 1.1.1 414.54 37.38 451.92 WARN
r-devel-linux-x86_64-debian-gcc 1.1.1 382.13 34.76 416.89 WARN
r-devel-linux-x86_64-fedora-clang 1.1.1 734.01 WARN
r-devel-linux-x86_64-fedora-gcc 1.1.1 703.86 WARN
r-devel-windows-ix86+x86_64 1.1.1 1170.00 111.00 1281.00 WARN
r-patched-linux-x86_64 1.1.1 462.06 44.80 506.86 OK
r-patched-solaris-x86 1.1.1 659.90 OK
r-release-linux-x86_64 1.1.1 454.07 44.72 498.79 OK
r-release-windows-ix86+x86_64 1.1.1 1245.00 114.00 1359.00 NOTE
r-release-osx-x86_64 1.1.1 NOTE
r-oldrel-windows-ix86+x86_64 1.1.1 877.00 77.00 954.00 NOTE
r-oldrel-osx-x86_64 1.1.1 NOTE

Check Details

Version: 1.1.1
Check: pragmas in C/C++ headers and code
Result: WARN
    Files which contain pragma(s) suppressing important diagnostics:
     ‘src/lib/dlib/matrix/matrix_data_layout.h’
     ‘src/lib/eigen3/Eigen/src/Core/arch/SSE/Complex.h’
    Files which contain pragma(s) suppressing diagnostics:
     ‘src/lib/dlib/external/libjpeg/jdhuff.cpp’
     ‘src/lib/dlib/external/libjpeg/jdphuff.cpp’
     ‘src/lib/dlib/matrix/matrix_assign_fwd.h’
     ‘src/lib/dlib/smart_pointers/shared_ptr.h’
     ‘src/lib/dlib/smart_pointers/shared_ptr_thread_safe.h’
     ‘src/lib/dlib/test/optimization_test_functions.h’
     ‘src/lib/dlib/test/smart_pointers.cpp’
     ‘src/lib/dlib/unicode/unicode.h’
     ‘src/lib/eigen3/Eigen/src/Core/util/DisableStupidWarnings.h’
Flavors: r-devel-linux-x86_64-debian-clang, r-devel-linux-x86_64-debian-gcc, r-devel-linux-x86_64-fedora-clang, r-devel-linux-x86_64-fedora-gcc, r-devel-windows-ix86+x86_64

Version: 1.1.1
Check: installed package size
Result: NOTE
     installed size is 72.2Mb
     sub-directories of 1Mb or more:
     libs 72.0Mb
Flavors: r-devel-linux-x86_64-fedora-clang, r-devel-linux-x86_64-fedora-gcc, r-devel-windows-ix86+x86_64, r-release-windows-ix86+x86_64, r-release-osx-x86_64, r-oldrel-windows-ix86+x86_64, r-oldrel-osx-x86_64