CRAN Package Check Results for Package multinet

Last updated on 2018-11-20 13:46:31 CET.

Flavor Version Tinstall Tcheck Ttotal Status Flags
r-devel-linux-x86_64-debian-clang 1.1.5 460.60 39.46 500.06 OK
r-devel-linux-x86_64-debian-gcc 1.1.5 458.80 38.78 497.58 OK
r-devel-linux-x86_64-fedora-clang 1.1.5 785.33 NOTE
r-devel-linux-x86_64-fedora-gcc 1.1.5 728.70 OK
r-devel-windows-ix86+x86_64 1.1.5 1248.00 86.00 1334.00 NOTE
r-patched-linux-x86_64 1.1.5 537.09 45.59 582.68 OK
r-patched-solaris-x86 1.1.5 729.50 OK
r-release-linux-x86_64 1.1.5 532.26 45.55 577.81 OK
r-release-windows-ix86+x86_64 1.1.5 1015.00 134.00 1149.00 NOTE
r-release-osx-x86_64 1.1.5 NOTE
r-oldrel-windows-ix86+x86_64 1.1.5 1304.00 118.00 1422.00 NOTE
r-oldrel-osx-x86_64 1.1.5 NOTE

Check Details

Version: 1.1.5
Check: installed package size
Result: NOTE
     installed size is 78.0Mb
     sub-directories of 1Mb or more:
     libs 77.8Mb
Flavors: r-devel-linux-x86_64-fedora-clang, r-devel-windows-ix86+x86_64, r-release-windows-ix86+x86_64, r-release-osx-x86_64, r-oldrel-windows-ix86+x86_64, r-oldrel-osx-x86_64