CRAN Package Check Results for Package multinet

Last updated on 2019-02-20 11:51:38 CET.

Flavor Version Tinstall Tcheck Ttotal Status Flags
r-devel-linux-x86_64-debian-clang 2.0.1 527.09 40.50 567.59 OK
r-devel-linux-x86_64-debian-gcc 2.0.1 548.78 33.07 581.85 OK
r-devel-linux-x86_64-fedora-clang 2.0.1 1093.60 NOTE
r-devel-linux-x86_64-fedora-gcc 2.0.1 948.89 OK
r-devel-windows-ix86+x86_64 2.0.1 1685.00 99.00 1784.00 NOTE
r-patched-linux-x86_64 2.0.1 OK
r-patched-solaris-x86 2.0.1 869.80 NOTE
r-release-linux-x86_64 2.0.1 619.35 38.71 658.06 OK
r-release-windows-ix86+x86_64 2.0.1 1318.00 129.00 1447.00 NOTE
r-release-osx-x86_64 2.0.1 NOTE
r-oldrel-windows-ix86+x86_64 2.0.1 1330.00 109.00 1439.00 NOTE
r-oldrel-osx-x86_64 2.0.1 NOTE

Check Details

Version: 2.0.1
Check: installed package size
Result: NOTE
     installed size is 92.9Mb
     sub-directories of 1Mb or more:
     libs 92.6Mb
Flavors: r-devel-linux-x86_64-fedora-clang, r-devel-windows-ix86+x86_64, r-patched-solaris-x86, r-release-windows-ix86+x86_64, r-release-osx-x86_64, r-oldrel-windows-ix86+x86_64, r-oldrel-osx-x86_64