CRAN Package Check Results for Package multinets

Last updated on 2018-08-17 19:49:19 CEST.

Flavor Version Tinstall Tcheck Ttotal Status Flags
r-devel-linux-x86_64-debian-clang 0.2.1 31.66 32.45 64.11 OK
r-devel-linux-x86_64-debian-gcc 0.2.1 25.33 27.05 52.38 OK
r-devel-linux-x86_64-fedora-clang 0.2.1 90.64 NOTE
r-devel-linux-x86_64-fedora-gcc 0.2.1 79.95 NOTE
r-devel-windows-ix86+x86_64 0.2.1 76.00 92.00 168.00 OK
r-patched-linux-x86_64 0.2.1 33.64 30.21 63.85 OK
r-patched-solaris-x86 0.2.1 87.30 NOTE
r-release-linux-x86_64 0.2.1 36.06 30.01 66.07 OK
r-release-windows-ix86+x86_64 0.2.1 77.00 82.00 159.00 OK
r-release-osx-x86_64 0.2.1 NOTE
r-oldrel-windows-ix86+x86_64 0.2.1 56.00 58.00 114.00 OK
r-oldrel-osx-x86_64 0.2.1 NOTE

Check Details

Version: 0.2.1
Check: dependencies in R code
Result: NOTE
    Namespace in Imports field not imported from: ‘igraphdata’
     All declared Imports should be used.
Flavors: r-devel-linux-x86_64-fedora-clang, r-devel-linux-x86_64-fedora-gcc, r-patched-solaris-x86, r-release-osx-x86_64, r-oldrel-osx-x86_64