CRAN Package Check Results for Package multinets

Last updated on 2019-01-23 22:48:33 CET.

Flavor Version Tinstall Tcheck Ttotal Status Flags
r-devel-linux-x86_64-debian-clang 0.2.1 27.06 31.91 58.97 OK
r-devel-linux-x86_64-debian-gcc 0.2.1 23.69 25.31 49.00 OK
r-devel-linux-x86_64-fedora-clang 0.2.1 90.17 NOTE
r-devel-linux-x86_64-fedora-gcc 0.2.1 78.89 NOTE
r-devel-windows-ix86+x86_64 0.2.1 68.00 104.00 172.00 OK
r-patched-linux-x86_64 0.2.1 30.67 30.10 60.77 OK
r-patched-solaris-x86 0.2.1 91.00 NOTE
r-release-linux-x86_64 0.2.1 34.15 29.91 64.06 OK
r-release-windows-ix86+x86_64 0.2.1 53.00 90.00 143.00 OK
r-release-osx-x86_64 0.2.1 NOTE
r-oldrel-windows-ix86+x86_64 0.2.1 62.00 91.00 153.00 OK
r-oldrel-osx-x86_64 0.2.1 NOTE

Check Details

Version: 0.2.1
Check: dependencies in R code
Result: NOTE
    Namespace in Imports field not imported from: ‘igraphdata’
     All declared Imports should be used.
Flavors: r-devel-linux-x86_64-fedora-clang, r-devel-linux-x86_64-fedora-gcc, r-patched-solaris-x86, r-release-osx-x86_64, r-oldrel-osx-x86_64