CRAN Package Check Results for Package multinets

Last updated on 2018-05-28 10:48:58 CEST.

Flavor Version Tinstall Tcheck Ttotal Status Flags
r-devel-linux-x86_64-debian-clang 0.2.0 27.00 29.13 56.13 WARN
r-devel-linux-x86_64-debian-gcc 0.2.0 23.64 26.36 50.00 WARN
r-devel-linux-x86_64-fedora-clang 0.2.0 82.78 OK
r-devel-linux-x86_64-fedora-gcc 0.2.0 73.77 OK
r-devel-windows-ix86+x86_64 0.2.0 51.00 69.00 120.00 OK
r-patched-linux-x86_64 0.2.0 27.06 30.36 57.42 OK
r-patched-solaris-x86 0.2.0 85.60 OK
r-release-linux-x86_64 0.2.0 31.93 29.98 61.91 OK
r-release-windows-ix86+x86_64 0.2.0 85.00 66.00 151.00 OK
r-release-osx-x86_64 0.2.0 OK
r-oldrel-windows-ix86+x86_64 0.2.0 70.00 60.00 130.00 OK
r-oldrel-osx-x86_64 0.2.0 OK

Check Details

Version: 0.2.0
Check: for unstated dependencies in ‘tests’
Result: WARN
    'data(package=)' call not declared from: ‘igraphdata’
Flavors: r-devel-linux-x86_64-debian-clang, r-devel-linux-x86_64-debian-gcc