CRAN Package Check Results for Package multinets

Last updated on 2018-10-19 22:49:48 CEST.

Flavor Version Tinstall Tcheck Ttotal Status Flags
r-devel-linux-x86_64-debian-clang 0.2.1 32.43 32.75 65.18 OK
r-devel-linux-x86_64-debian-gcc 0.2.1 25.00 26.63 51.63 OK
r-devel-linux-x86_64-fedora-clang 0.2.1 88.25 NOTE
r-devel-linux-x86_64-fedora-gcc 0.2.1 78.41 NOTE
r-devel-windows-ix86+x86_64 0.2.1 73.00 67.00 140.00 OK
r-patched-linux-x86_64 0.2.1 32.91 29.76 62.67 OK
r-patched-solaris-x86 0.2.1 86.80 NOTE
r-release-linux-x86_64 0.2.1 29.37 30.13 59.50 OK
r-release-windows-ix86+x86_64 0.2.1 61.00 84.00 145.00 OK
r-release-osx-x86_64 0.2.1 NOTE
r-oldrel-windows-ix86+x86_64 0.2.1 52.00 93.00 145.00 OK
r-oldrel-osx-x86_64 0.2.1 NOTE

Check Details

Version: 0.2.1
Check: dependencies in R code
Result: NOTE
    Namespace in Imports field not imported from: ‘igraphdata’
     All declared Imports should be used.
Flavors: r-devel-linux-x86_64-fedora-clang, r-devel-linux-x86_64-fedora-gcc, r-patched-solaris-x86, r-release-osx-x86_64, r-oldrel-osx-x86_64