CRAN Package Check Results for Package multinets

Last updated on 2018-02-19 06:46:44 CET.

Flavor Version Tinstall Tcheck Ttotal Status Flags
r-devel-linux-x86_64-debian-clang 0.2.0 24.34 26.74 51.08 OK
r-devel-linux-x86_64-debian-gcc 0.2.0 19.57 24.32 43.89 OK
r-devel-linux-x86_64-fedora-clang 0.2.0 80.12 OK
r-devel-linux-x86_64-fedora-gcc 0.2.0 65.31 OK
r-devel-windows-ix86+x86_64 0.2.0 53.00 63.00 116.00 OK
r-patched-linux-x86_64 0.2.0 26.16 31.03 57.19 OK
r-patched-solaris-x86 0.2.0 86.80 OK
r-release-linux-x86_64 0.2.0 25.42 31.83 57.25 OK
r-release-windows-ix86+x86_64 0.2.0 75.00 85.00 160.00 OK
r-release-osx-x86_64 0.2.0 OK
r-oldrel-osx-x86_64 0.1.0 ERROR

Check Details

Version: 0.1.0
Check: whether package can be installed
Result: ERROR
    Installation failed.
Flavor: r-oldrel-osx-x86_64