Last updated on 2023-12-07 17:48:25 CET.
Flavor | Version | Tinstall | Tcheck | Ttotal | Status | Flags |
---|---|---|---|---|---|---|
r-devel-linux-x86_64-debian-clang | 0.5.1 | 1339.14 | 434.96 | 1774.10 | NOTE | |
r-devel-linux-x86_64-debian-gcc | 0.5.1 | 1023.30 | 376.94 | 1400.24 | NOTE | |
r-devel-linux-x86_64-fedora-clang | 0.5.1 | 1754.76 | NOTE | |||
r-devel-linux-x86_64-fedora-gcc | 0.5.1 | 2695.67 | NOTE | |||
r-devel-windows-x86_64 | 0.5.1 | 906.00 | 389.00 | 1295.00 | NOTE | |
r-patched-linux-x86_64 | 0.5.1 | 946.42 | 485.89 | 1432.31 | NOTE | |
r-release-linux-x86_64 | 0.5.1 | 941.42 | 480.21 | 1421.63 | NOTE | |
r-release-macos-arm64 | 0.5.1 | 550.00 | NOTE | |||
r-release-macos-x86_64 | 0.5.1 | 547.00 | NOTE | |||
r-release-windows-x86_64 | 0.5.1 | 1161.00 | 522.00 | 1683.00 | NOTE | |
r-oldrel-macos-arm64 | 0.5.1 | 550.00 | NOTE | |||
r-oldrel-macos-x86_64 | 0.5.1 | 632.00 | NOTE | |||
r-oldrel-windows-x86_64 | 0.5.1 | 1097.00 | 489.00 | 1586.00 | NOTE |
Version: 0.5.1
Check: for GNU extensions in Makefiles
Result: NOTE
GNU make is a SystemRequirements.
Flavors: r-devel-linux-x86_64-debian-clang, r-devel-linux-x86_64-debian-gcc, r-devel-linux-x86_64-fedora-clang, r-devel-linux-x86_64-fedora-gcc, r-devel-windows-x86_64, r-patched-linux-x86_64, r-release-linux-x86_64, r-release-macos-arm64, r-release-macos-x86_64, r-release-windows-x86_64, r-oldrel-macos-arm64, r-oldrel-macos-x86_64, r-oldrel-windows-x86_64
Version: 0.5.1
Check: package dependencies
Result: NOTE
Imports includes 22 non-default packages.
Importing from so many packages makes the package vulnerable to any of
them becoming unavailable. Move as many as possible to Suggests and
use conditionally.
Flavor: r-devel-linux-x86_64-fedora-clang
Version: 0.5.1
Check: installed package size
Result: NOTE
installed size is 15.7Mb
sub-directories of 1Mb or more:
doc 4.0Mb
libs 10.2Mb
Flavors: r-devel-linux-x86_64-fedora-clang, r-devel-windows-x86_64, r-release-macos-arm64, r-release-macos-x86_64, r-release-windows-x86_64, r-oldrel-macos-arm64, r-oldrel-macos-x86_64, r-oldrel-windows-x86_64