Last updated on 2021-01-22 03:50:44 CET.
Flavor | Version | Tinstall | Tcheck | Ttotal | Status | Flags |
---|---|---|---|---|---|---|
r-devel-linux-x86_64-debian-clang | 0.2.1 | 83.84 | 280.12 | 363.96 | NOTE | |
r-devel-linux-x86_64-debian-gcc | 0.2.1 | 57.05 | 181.22 | 238.27 | NOTE | |
r-devel-linux-x86_64-fedora-clang | 0.2.1 | 447.90 | NOTE | |||
r-devel-linux-x86_64-fedora-gcc | 0.2.1 | 418.88 | NOTE | |||
r-devel-windows-ix86+x86_64 | 0.2.1 | 181.00 | 514.00 | 695.00 | NOTE | |
r-patched-linux-x86_64 | 0.2.1 | 62.24 | 262.84 | 325.08 | NOTE | |
r-patched-solaris-x86 | 0.2.1 | 509.80 | NOTE | |||
r-release-linux-x86_64 | 0.2.1 | 65.57 | 263.22 | 328.79 | NOTE | |
r-release-macos-x86_64 | 0.2.1 | NOTE | ||||
r-release-windows-ix86+x86_64 | 0.2.1 | 133.00 | 641.00 | 774.00 | NOTE | |
r-oldrel-macos-x86_64 | 0.2.1 | NOTE | ||||
r-oldrel-windows-ix86+x86_64 | 0.2.1 | 121.00 | 498.00 | 619.00 | NOTE |
Version: 0.2.1
Check: package dependencies
Result: NOTE
Package suggested but not available for checking: 'rPorta'
Flavors: r-devel-linux-x86_64-debian-clang, r-devel-linux-x86_64-debian-gcc, r-devel-linux-x86_64-fedora-clang, r-devel-linux-x86_64-fedora-gcc, r-devel-windows-ix86+x86_64, r-patched-linux-x86_64, r-patched-solaris-x86, r-release-linux-x86_64, r-release-macos-x86_64, r-release-windows-ix86+x86_64, r-oldrel-macos-x86_64, r-oldrel-windows-ix86+x86_64
Version: 0.2.1
Check: installed package size
Result: NOTE
installed size is 6.3Mb
sub-directories of 1Mb or more:
libs 4.9Mb
Flavors: r-devel-linux-x86_64-fedora-clang, r-release-macos-x86_64, r-oldrel-macos-x86_64