CRAN Package Check Results for Package multirich

Last updated on 2019-11-20 00:49:07 CET.

Flavor Version Tinstall Tcheck Ttotal Status Flags
r-devel-linux-x86_64-debian-clang 2.1.1 2.23 22.77 25.00 NOTE
r-devel-linux-x86_64-debian-gcc 2.1.1 2.09 18.71 20.80 NOTE
r-devel-linux-x86_64-fedora-clang 2.1.1 30.94 OK
r-devel-linux-x86_64-fedora-gcc 2.1.1 30.14 OK
r-devel-windows-ix86+x86_64 2.1.1 9.00 46.00 55.00 NOTE
r-devel-windows-ix86+x86_64-gcc8 2.1.1 10.00 34.00 44.00 NOTE
r-patched-linux-x86_64 2.1.1 1.95 22.06 24.01 OK
r-patched-solaris-x86 2.1.1 45.70 OK
r-release-linux-x86_64 2.1.1 2.18 21.86 24.04 OK
r-release-windows-ix86+x86_64 2.1.1 8.00 43.00 51.00 OK
r-release-osx-x86_64 2.1.1 OK
r-oldrel-windows-ix86+x86_64 2.1.1 4.00 31.00 35.00 OK
r-oldrel-osx-x86_64 2.1.1 OK

Check Details

Version: 2.1.1
Check: package vignettes
Result: NOTE
    Package vignette with placeholder title 'Vignette Title':
     'Sensitivity_analysis.Rmd'
Flavors: r-devel-linux-x86_64-debian-clang, r-devel-linux-x86_64-debian-gcc, r-devel-windows-ix86+x86_64, r-devel-windows-ix86+x86_64-gcc8