CRAN Package Check Results for Package multirich

Last updated on 2020-07-07 07:48:09 CEST.

Flavor Version Tinstall Tcheck Ttotal Status Flags
r-devel-linux-x86_64-debian-clang 2.1.1 2.51 22.83 25.34 NOTE
r-devel-linux-x86_64-debian-gcc 2.1.1 2.15 18.44 20.59 NOTE
r-devel-linux-x86_64-fedora-clang 2.1.1 39.52 OK
r-devel-linux-x86_64-fedora-gcc 2.1.1 31.10 OK
r-devel-windows-ix86+x86_64 2.1.1 6.00 38.00 44.00 NOTE
r-patched-linux-x86_64 2.1.1 2.17 23.01 25.18 NOTE
r-patched-solaris-x86 2.1.1 48.20 OK
r-release-linux-x86_64 2.1.1 2.58 23.21 25.79 NOTE
r-release-osx-x86_64 2.1.1 OK
r-release-windows-ix86+x86_64 2.1.1 6.00 31.00 37.00 NOTE
r-oldrel-osx-x86_64 2.1.1 OK
r-oldrel-windows-ix86+x86_64 2.1.1 5.00 43.00 48.00 OK

Check Details

Version: 2.1.1
Check: package vignettes
Result: NOTE
    Package vignette with placeholder title 'Vignette Title':
     'Sensitivity_analysis.Rmd'
Flavors: r-devel-linux-x86_64-debian-clang, r-devel-linux-x86_64-debian-gcc, r-devel-windows-ix86+x86_64, r-patched-linux-x86_64, r-release-linux-x86_64, r-release-windows-ix86+x86_64