Last updated on 2023-12-08 08:53:04 CET.
Flavor | Version | Tinstall | Tcheck | Ttotal | Status | Flags |
---|---|---|---|---|---|---|
r-devel-linux-x86_64-debian-clang | 2.1-1 | 18.57 | 191.18 | 209.75 | NOTE | |
r-devel-linux-x86_64-debian-gcc | 2.1-1 | 11.66 | 141.35 | 153.01 | NOTE | |
r-devel-linux-x86_64-fedora-clang | 2.1-1 | 256.63 | OK | |||
r-devel-linux-x86_64-fedora-gcc | 2.1-1 | 257.93 | OK | |||
r-devel-windows-x86_64 | 2.1-1 | 16.00 | 164.00 | 180.00 | OK | |
r-patched-linux-x86_64 | 2.1-1 | 13.92 | 182.00 | 195.92 | OK | |
r-release-linux-x86_64 | 2.1-1 | 11.68 | 180.56 | 192.24 | OK | |
r-release-macos-arm64 | 2.1-1 | 82.00 | OK | |||
r-release-macos-x86_64 | 2.1-1 | 146.00 | OK | |||
r-release-windows-x86_64 | 2.1-1 | 20.00 | 197.00 | 217.00 | OK | |
r-oldrel-macos-arm64 | 2.1-1 | 45.00 | OK | |||
r-oldrel-macos-x86_64 | 2.1-1 | 91.00 | OK | |||
r-oldrel-windows-x86_64 | 2.1-1 | 20.00 | 194.00 | 214.00 | OK |
Version: 2.1-1
Check: Rd files
Result: NOTE
checkRd: (-1) biomasse.Rd:30: Lost braces
30 | Makowski, D., Jeuffroy, M.-H., Gu\'{e}rif, M., 2004 Bayesian methods for
| ^
checkRd: (-1) climat.Rd:20: Lost braces
20 | Makowski, D., Jeuffroy, M.-H., Gu\'{e}rif, M., 2004 Bayesian methods for
| ^
checkRd: (-1) simulmodel.Rd:15: Lost braces
15 | \item{\dots}{... }{possible fixed parameters of the R-function}
| ^
Flavors: r-devel-linux-x86_64-debian-clang, r-devel-linux-x86_64-debian-gcc