CRAN Package Check Results for Package multivator

Last updated on 2024-06-24 17:58:01 CEST.

Flavor Version Tinstall Tcheck Ttotal Status Flags
r-devel-linux-x86_64-debian-clang 1.1-11 6.94 95.81 102.75 OK
r-devel-linux-x86_64-debian-gcc 1.1-11 5.28 74.77 80.05 OK
r-devel-linux-x86_64-fedora-clang 1.1-11 124.99 OK
r-devel-linux-x86_64-fedora-gcc 1.1-11 135.58 OK
r-devel-windows-x86_64 1.1-11 6.00 136.00 142.00 OK
r-patched-linux-x86_64 1.1-11 7.11 91.34 98.45 OK
r-release-linux-x86_64 1.1-11 6.52 93.76 100.28 OK
r-release-macos-arm64 1.1-11 52.00 WARN
r-release-macos-x86_64 1.1-11 92.00 OK
r-release-windows-x86_64 1.1-11 6.00 138.00 144.00 OK
r-oldrel-macos-arm64 1.1-11 74.00 NOTE
r-oldrel-macos-x86_64 1.1-11 197.00 OK
r-oldrel-windows-x86_64 1.1-11 7.00 138.00 145.00 OK

Check Details

Version: 1.1-11
Check: re-building of vignette outputs
Result: WARN Error(s) in re-building vignettes: --- re-building ‘cias.Rnw’ using Sweave Attaching package: ‘multivator’ The following objects are masked from ‘package:base’: levels, rbind --- finished re-building ‘cias.Rnw’ --- re-building ‘multivator.Rnw’ using Sweave Attaching package: 'multivator' The following objects are masked from 'package:base': levels, rbind Error: processing vignette 'multivator.Rnw' failed with diagnostics: Running 'texi2dvi' on 'multivator.tex' failed. LaTeX errors: !pdfTeX error: pdflatex (file bbm10): Font bbm10 at 657 not found ==> Fatal error occurred, no output PDF file produced! --- failed re-building 'multivator.Rnw' SUMMARY: processing the following file failed: ‘multivator.Rnw’ Error: Vignette re-building failed. Execution halted Flavor: r-release-macos-arm64

Version: 1.1-11
Check: re-building of vignette outputs
Result: NOTE Error(s) in re-building vignettes: --- re-building ‘cias.Rnw’ using Sweave Attaching package: ‘multivator’ The following objects are masked from ‘package:base’: levels, rbind --- finished re-building ‘cias.Rnw’ --- re-building ‘multivator.Rnw’ using Sweave Attaching package: 'multivator' The following objects are masked from 'package:base': levels, rbind Error: processing vignette 'multivator.Rnw' failed with diagnostics: Running 'texi2dvi' on 'multivator.tex' failed. LaTeX errors: !pdfTeX error: pdflatex (file bbm10): Font bbm10 at 657 not found ==> Fatal error occurred, no output PDF file produced! --- failed re-building 'multivator.Rnw' SUMMARY: processing the following file failed: ‘multivator.Rnw’ Error: Vignette re-building failed. Execution halted Flavor: r-oldrel-macos-arm64