CRAN Package Check Results for Package mvabund

Last updated on 2022-12-02 09:53:00 CET.

Flavor Version Tinstall Tcheck Ttotal Status Flags
r-devel-linux-x86_64-debian-clang 4.2.1 96.32 190.04 286.36 OK
r-devel-linux-x86_64-debian-gcc 4.2.1 77.52 137.07 214.59 OK
r-devel-linux-x86_64-fedora-clang 4.2.1 403.81 OK
r-devel-linux-x86_64-fedora-gcc 4.2.1 359.60 OK
r-devel-windows-x86_64 4.2.1 113.00 243.00 356.00 OK
r-patched-linux-x86_64 4.2.1 89.02 177.69 266.71 OK
r-release-linux-x86_64 4.2.1 78.23 178.11 256.34 OK
r-release-macos-arm64 4.2.1 87.00 NOTE
r-release-macos-x86_64 4.2.1 113.00 NOTE
r-release-windows-x86_64 4.2.1 125.00 249.00 374.00 OK
r-oldrel-macos-arm64 4.2.1 71.00 NOTE
r-oldrel-macos-x86_64 4.2.1 119.00 NOTE
r-oldrel-windows-ix86+x86_64 4.2.1 227.00 326.00 553.00 OK

Check Details

Version: 4.2.1
Check: installed package size
Result: NOTE
     installed size is 6.6Mb
     sub-directories of 1Mb or more:
     libs 5.4Mb
Flavors: r-release-macos-arm64, r-release-macos-x86_64, r-oldrel-macos-arm64, r-oldrel-macos-x86_64