CRAN Package Check Results for Package mvctm

Last updated on 2018-10-24 05:49:52 CEST.

Flavor Version Tinstall Tcheck Ttotal Status Flags
r-devel-linux-x86_64-debian-clang 1.2 6.65 76.30 82.95 OK
r-devel-linux-x86_64-debian-gcc 1.2 5.36 61.64 67.00 OK
r-devel-linux-x86_64-fedora-clang 1.2 98.30 OK
r-devel-linux-x86_64-fedora-gcc 1.2 94.79 OK
r-devel-windows-ix86+x86_64 1.2 14.00 108.00 122.00 OK
r-patched-linux-x86_64 1.2 5.98 62.82 68.80 OK
r-patched-solaris-x86 1.2 135.40 OK
r-release-linux-x86_64 1.2 5.52 63.12 68.64 OK
r-release-windows-ix86+x86_64 1.2 14.00 66.00 80.00 OK
r-release-osx-x86_64 1.2 OK
r-oldrel-windows-ix86+x86_64 1.1 13.00 72.00 85.00 OK
r-oldrel-osx-x86_64 1.2 ERROR

Check Details

Version: 1.2
Check: whether package can be installed
Result: ERROR
    Installation failed.
Flavor: r-oldrel-osx-x86_64