CRAN Package Check Results for Package mvnormtest

Last updated on 2021-04-14 16:47:33 CEST.

Flavor Version Tinstall Tcheck Ttotal Status Flags
r-devel-linux-x86_64-debian-clang 0.1-9 1.60 20.34 21.94 OK
r-devel-linux-x86_64-debian-gcc 0.1-9 1.40 16.25 17.65 OK
r-devel-linux-x86_64-fedora-clang 0.1-9 36.93 OK
r-devel-linux-x86_64-fedora-gcc 0.1-9 26.55 OK
r-devel-windows-ix86+x86_64 0.1-9 4.00 4.00 8.00 ERROR
r-devel-windows-x86_64-gcc10-UCRT 0.1-9 OK
r-patched-linux-x86_64 0.1-9 1.62 19.82 21.44 OK
r-patched-solaris-x86 0.1-9 41.20 OK
r-release-linux-x86_64 0.1-9 1.74 19.75 21.49 OK
r-release-macos-x86_64 0.1-9 OK
r-release-windows-ix86+x86_64 0.1-9 4.00 25.00 29.00 OK
r-oldrel-macos-x86_64 0.1-9 OK
r-oldrel-windows-ix86+x86_64 0.1-9 4.00 36.00 40.00 OK

Check Details

Version: 0.1-9
Check: whether package can be installed
Result: ERROR
    Installation failed.
Flavor: r-devel-windows-ix86+x86_64