CRAN Package Check Results for Package mvord

Last updated on 2018-01-23 05:49:16 CET.

Flavor Version Tinstall Tcheck Ttotal Status Flags
r-devel-linux-x86_64-debian-clang 0.2.1 4.78 112.53 117.31 OK
r-devel-linux-x86_64-debian-gcc 0.2.1 4.06 95.97 100.03 OK
r-devel-linux-x86_64-fedora-clang 0.2.1 165.08 OK
r-devel-linux-x86_64-fedora-gcc 0.2.1 161.70 OK
r-devel-windows-ix86+x86_64 0.2.1 23.00 179.00 202.00 OK
r-patched-linux-x86_64 0.2.1 5.16 131.33 136.49 OK
r-patched-solaris-x86 0.2.1 254.60 OK
r-release-linux-x86_64 0.2.1 5.07 130.69 135.76 OK
r-release-windows-ix86+x86_64 0.2.1 14.00 249.00 263.00 OK
r-release-osx-x86_64 0.2.1 OK
r-oldrel-windows-ix86+x86_64 0.2.1 17.00 171.00 188.00 OK
r-oldrel-osx-x86_64 0.2.1 NOTE

Check Details

Version: 0.2.1
Check: re-building of vignette outputs
Result: NOTE
    Error in re-building vignettes:
     ...
    
    ! Illegal unit of measure (pt inserted).
    <to be read again>
     \let
    l.979 \end{tabularx}
    
    ! Missing number, treated as zero.
    <to be read again>
     \let
    l.979 \end{tabularx}
    
    ! Illegal unit of measure (pt inserted).
    <to be read again>
     \let
    l.979 \end{tabularx}
    
    ! Missing number, treated as zero.
    <to be read again>
     \let
    l.979 \end{tabularx}
    
    ! Illegal unit of measure (pt inserted).
    <to be read
    Calls: buildVignettes -> texi2pdf -> texi2dvi
    Execution halted
Flavor: r-oldrel-osx-x86_64