CRAN Package Check Results for Package mvst

Last updated on 2018-07-15 19:51:49 CEST.

Flavor Version Tinstall Tcheck Ttotal Status Flags
r-devel-linux-x86_64-debian-clang 1.0.1 9.08 71.82 80.90 NOTE
r-devel-linux-x86_64-debian-gcc 1.0.1 7.66 56.49 64.15 NOTE
r-devel-linux-x86_64-fedora-clang 1.0.1 93.04 NOTE
r-devel-linux-x86_64-fedora-gcc 1.0.1 91.94 NOTE
r-devel-windows-ix86+x86_64 1.0.1 23.00 141.00 164.00 OK
r-patched-linux-x86_64 1.0.1 8.03 61.69 69.72 NOTE
r-patched-solaris-x86 1.0.1 135.70 OK
r-release-linux-x86_64 1.0.1 8.08 61.13 69.21 NOTE
r-release-windows-ix86+x86_64 1.0.1 19.00 102.00 121.00 OK
r-release-osx-x86_64 1.0.1 OK
r-oldrel-windows-ix86+x86_64 1.0.1 17.00 117.00 134.00 OK
r-oldrel-osx-x86_64 1.0.1 OK

Check Details

Version: 1.0.1
Check: compiled code
Result: NOTE
    File ‘mvst/libs/mvst.so’:
     Found no calls to: ‘R_registerRoutines’, ‘R_useDynamicSymbols’
    
    It is good practice to register native routines and to disable symbol
    search.
    
    See ‘Writing portable packages’ in the ‘Writing R Extensions’ manual.
Flavors: r-devel-linux-x86_64-debian-clang, r-devel-linux-x86_64-debian-gcc, r-devel-linux-x86_64-fedora-clang, r-devel-linux-x86_64-fedora-gcc, r-patched-linux-x86_64, r-release-linux-x86_64