CRAN Package Check Results for Package mvst

Last updated on 2018-01-21 13:49:39 CET.

Flavor Version Tinstall Tcheck Ttotal Status Flags
r-devel-linux-x86_64-debian-clang 1.0.1 5.54 58.81 64.35 NOTE
r-devel-linux-x86_64-debian-gcc 1.0.1 4.44 45.86 50.30 NOTE
r-devel-linux-x86_64-fedora-clang 1.0.1 80.78 NOTE
r-devel-linux-x86_64-fedora-gcc 1.0.1 78.86 NOTE
r-devel-windows-ix86+x86_64 1.0.1 14.00 89.00 103.00 OK
r-patched-linux-x86_64 1.0.1 5.76 61.95 67.71 NOTE
r-patched-solaris-x86 1.0.1 143.50 OK
r-release-linux-x86_64 1.0.1 5.83 61.98 67.81 NOTE
r-release-windows-ix86+x86_64 1.0.1 19.00 116.00 135.00 OK
r-release-osx-x86_64 1.0.1 OK
r-oldrel-windows-ix86+x86_64 1.0.1 18.00 91.00 109.00 OK
r-oldrel-osx-x86_64 1.0.1 OK

Check Details

Version: 1.0.1
Check: compiled code
Result: NOTE
    File ‘mvst/libs/mvst.so’:
     Found no calls to: ‘R_registerRoutines’, ‘R_useDynamicSymbols’
    
    It is good practice to register native routines and to disable symbol
    search.
    
    See ‘Writing portable packages’ in the ‘Writing R Extensions’ manual.
Flavors: r-devel-linux-x86_64-debian-clang, r-devel-linux-x86_64-debian-gcc, r-devel-linux-x86_64-fedora-clang, r-devel-linux-x86_64-fedora-gcc, r-patched-linux-x86_64, r-release-linux-x86_64