Last updated on 2021-01-23 22:55:15 CET.
Flavor | Version | Tinstall | Tcheck | Ttotal | Status | Flags |
---|---|---|---|---|---|---|
r-devel-linux-x86_64-debian-clang | 1.4.3 | 3.38 | 85.39 | 88.77 | OK | |
r-devel-linux-x86_64-debian-gcc | 1.4.3 | 2.33 | 61.61 | 63.94 | OK | |
r-devel-linux-x86_64-fedora-clang | 1.4.3 | 110.82 | NOTE | |||
r-devel-linux-x86_64-fedora-gcc | 1.4.3 | 105.28 | NOTE | |||
r-devel-windows-ix86+x86_64 | 1.4.3 | 7.00 | 83.00 | 90.00 | OK | |
r-patched-linux-x86_64 | 1.4.3 | 2.79 | 80.96 | 83.75 | OK | |
r-patched-solaris-x86 | 1.4.3 | 144.10 | NOTE | |||
r-release-linux-x86_64 | 1.4.3 | 3.17 | 81.14 | 84.31 | OK | |
r-release-macos-x86_64 | 1.4.3 | NOTE | ||||
r-release-windows-ix86+x86_64 | 1.4.3 | 5.00 | 113.00 | 118.00 | OK | |
r-oldrel-macos-x86_64 | 1.4.3 | NOTE | ||||
r-oldrel-windows-ix86+x86_64 | 1.4.3 | 4.00 | 119.00 | 123.00 | OK |
Version: 1.4.3
Check: dependencies in R code
Result: NOTE
Namespace in Imports field not imported from: ‘deSolve’
All declared Imports should be used.
Flavors: r-devel-linux-x86_64-fedora-clang, r-devel-linux-x86_64-fedora-gcc, r-patched-solaris-x86, r-release-macos-x86_64, r-oldrel-macos-x86_64