Last updated on 2022-05-27 14:53:03 CEST.
Flavor | Version | Tinstall | Tcheck | Ttotal | Status | Flags |
---|---|---|---|---|---|---|
r-devel-linux-x86_64-debian-clang | 0.3.1 | 2.51 | 36.61 | 39.12 | NOTE | |
r-devel-linux-x86_64-debian-gcc | 0.3.1 | 1.89 | 28.85 | 30.74 | NOTE | |
r-devel-linux-x86_64-fedora-clang | 0.3.1 | 47.51 | NOTE | |||
r-devel-linux-x86_64-fedora-gcc | 0.3.1 | 36.45 | NOTE | |||
r-devel-windows-x86_64 | 0.3.1 | 28.00 | 54.00 | 82.00 | NOTE | |
r-patched-linux-x86_64 | 0.3.1 | 2.36 | 34.96 | 37.32 | NOTE | |
r-release-linux-x86_64 | 0.3.1 | 1.85 | 35.28 | 37.13 | NOTE | |
r-release-macos-arm64 | 0.3.1 | 15.00 | NOTE | |||
r-release-macos-x86_64 | 0.3.1 | 26.00 | NOTE | |||
r-release-windows-x86_64 | 0.3.1 | 21.00 | 53.00 | 74.00 | NOTE | |
r-oldrel-macos-arm64 | 0.3.1 | 19.00 | NOTE | |||
r-oldrel-macos-x86_64 | 0.3.1 | 30.00 | NOTE | |||
r-oldrel-windows-ix86+x86_64 | 0.3.1 | 7.00 | 46.00 | 53.00 | NOTE |
Version: 0.3.1
Check: LazyData
Result: NOTE
'LazyData' is specified without a 'data' directory
Flavors: r-devel-linux-x86_64-debian-clang, r-devel-linux-x86_64-debian-gcc, r-devel-linux-x86_64-fedora-clang, r-devel-linux-x86_64-fedora-gcc, r-devel-windows-x86_64, r-patched-linux-x86_64, r-release-linux-x86_64, r-release-macos-arm64, r-release-macos-x86_64, r-release-windows-x86_64, r-oldrel-macos-arm64, r-oldrel-macos-x86_64, r-oldrel-windows-ix86+x86_64