CRAN Package Check Results for Package naniar

Last updated on 2018-05-22 08:49:35 CEST.

Flavor Version Tinstall Tcheck Ttotal Status Flags
r-devel-linux-x86_64-debian-clang 0.2.0 3.78 95.54 99.32 WARN
r-devel-linux-x86_64-debian-gcc 0.2.0 2.47 81.45 83.92 WARN
r-devel-linux-x86_64-fedora-clang 0.2.0 125.04 NOTE
r-devel-linux-x86_64-fedora-gcc 0.2.0 122.66 NOTE
r-devel-windows-ix86+x86_64 0.2.0 9.00 109.00 118.00 OK
r-patched-linux-x86_64 0.2.0 3.01 101.73 104.74 OK
r-patched-solaris-x86 0.2.0 174.00 NOTE
r-release-linux-x86_64 0.2.0 3.53 100.27 103.80 OK
r-release-windows-ix86+x86_64 0.2.0 7.00 177.00 184.00 OK
r-release-osx-x86_64 0.2.0 NOTE
r-oldrel-windows-ix86+x86_64 0.2.0 10.00 168.00 178.00 OK
r-oldrel-osx-x86_64 0.2.0 NOTE

Check Details

Version: 0.2.0
Check: for unstated dependencies in ‘tests’
Result: WARN
    Warning: parse error in file ‘testthat/fontconfig-helper.R’:
    11:0: unexpected end of input
    9: if (on_appveyor() || on_cran()) {
    10: gdtools::set_dummy_conf()
     ^
Flavors: r-devel-linux-x86_64-debian-clang, r-devel-linux-x86_64-debian-gcc

Version: 0.2.0
Check: dependencies in R code
Result: NOTE
    Namespace in Imports field not imported from: ‘purrrlyr’
     All declared Imports should be used.
Flavors: r-devel-linux-x86_64-fedora-clang, r-devel-linux-x86_64-fedora-gcc, r-patched-solaris-x86, r-release-osx-x86_64, r-oldrel-osx-x86_64