CRAN Package Check Results for Package naniar

Last updated on 2018-02-23 20:48:48 CET.

Flavor Version Tinstall Tcheck Ttotal Status Flags
r-devel-linux-x86_64-debian-clang 0.2.0 3.72 106.91 110.63 OK
r-devel-linux-x86_64-debian-gcc 0.2.0 3.37 80.01 83.38 OK
r-devel-linux-x86_64-fedora-clang 0.2.0 126.67 NOTE
r-devel-linux-x86_64-fedora-gcc 0.2.0 120.22 NOTE
r-devel-windows-ix86+x86_64 0.2.0 10.00 152.00 162.00 OK
r-patched-linux-x86_64 0.2.0 3.76 116.85 120.61 OK
r-patched-solaris-x86 0.2.0 181.20 NOTE
r-release-linux-x86_64 0.2.0 4.19 118.82 123.01 OK
r-release-windows-ix86+x86_64 0.2.0 12.00 170.00 182.00 OK
r-release-osx-x86_64 0.2.0 NOTE
r-oldrel-windows-ix86+x86_64 0.2.0 9.00 122.00 131.00 OK
r-oldrel-osx-x86_64 0.1.0 OK

Check Details

Version: 0.2.0
Check: dependencies in R code
Result: NOTE
    Namespace in Imports field not imported from: ‘purrrlyr’
     All declared Imports should be used.
Flavors: r-devel-linux-x86_64-fedora-clang, r-devel-linux-x86_64-fedora-gcc, r-patched-solaris-x86, r-release-osx-x86_64