CRAN Package Check Results for Package nardl

Last updated on 2022-07-05 00:52:19 CEST.

Flavor Version Tinstall Tcheck Ttotal Status Flags
r-devel-linux-x86_64-debian-clang 0.1.6 5.82 44.67 50.49 OK
r-devel-linux-x86_64-debian-gcc 0.1.6 5.18 34.83 40.01 OK
r-devel-linux-x86_64-fedora-clang 0.1.6 72.34 WARN
r-devel-linux-x86_64-fedora-gcc 0.1.6 73.07 WARN
r-devel-windows-x86_64 0.1.6 15.00 69.00 84.00 OK
r-patched-linux-x86_64 0.1.6 5.64 44.35 49.99 OK
r-release-linux-x86_64 0.1.6 5.41 44.09 49.50 OK
r-release-macos-arm64 0.1.6 22.00 OK
r-release-macos-x86_64 0.1.6 36.00 OK
r-release-windows-x86_64 0.1.6 15.00 69.00 84.00 OK
r-oldrel-macos-arm64 0.1.6 31.00 OK
r-oldrel-macos-x86_64 0.1.6 57.00 OK
r-oldrel-windows-ix86+x86_64 0.1.6 14.00 63.00 77.00 OK

Check Details

Version: 0.1.6
Check: package dependencies
Result: WARN
    Requires orphaned package: ‘gtools’
Flavors: r-devel-linux-x86_64-fedora-clang, r-devel-linux-x86_64-fedora-gcc