CRAN Package Check Results for Package nat.templatebrains

Last updated on 2018-11-17 04:50:46 CET.

Flavor Version Tinstall Tcheck Ttotal Status Flags
r-devel-linux-x86_64-debian-clang 0.9 3.47 48.40 51.87 OK
r-devel-linux-x86_64-debian-gcc 0.9 3.12 39.84 42.96 OK
r-devel-linux-x86_64-fedora-clang 0.9 64.52 OK
r-devel-linux-x86_64-fedora-gcc 0.9 59.87 OK
r-devel-windows-ix86+x86_64 0.9 11.00 65.00 76.00 OK
r-patched-linux-x86_64 0.9 3.59 46.79 50.38 OK
r-patched-solaris-x86 0.9 93.40 OK
r-release-linux-x86_64 0.9 3.92 47.90 51.82 OK
r-release-windows-ix86+x86_64 0.9 13.00 88.00 101.00 OK
r-release-osx-x86_64 0.9 WARN
r-oldrel-windows-ix86+x86_64 0.9 14.00 65.00 79.00 OK
r-oldrel-osx-x86_64 0.9 WARN

Check Details

Version: 0.9
Check: whether package can be installed
Result: WARN
    Found the following significant warnings:
     Warning: 'rgl_init' failed, running with rgl.useNULL = TRUE
Flavors: r-release-osx-x86_64, r-oldrel-osx-x86_64

Version: 0.9
Check: S3 generic/method consistency
Result: WARN
    Warning: declared S3 method 'plot3d.templatebrain' not found
    See section ‘Generic functions and methods’ in the ‘Writing R
    Extensions’ manual.
Flavors: r-release-osx-x86_64, r-oldrel-osx-x86_64