CRAN Package Check Results for Package nat.templatebrains

Last updated on 2018-08-19 04:47:01 CEST.

Flavor Version Tinstall Tcheck Ttotal Status Flags
r-devel-linux-x86_64-debian-clang 0.9 3.36 50.57 53.93 OK
r-devel-linux-x86_64-debian-gcc 0.9 3.48 41.59 45.07 OK
r-devel-linux-x86_64-fedora-clang 0.9 64.76 OK
r-devel-linux-x86_64-fedora-gcc 0.9 62.67 OK
r-devel-windows-ix86+x86_64 0.9 17.00 90.00 107.00 OK
r-patched-linux-x86_64 0.9 3.73 47.25 50.98 OK
r-patched-solaris-x86 0.9 94.70 OK
r-release-linux-x86_64 0.9 3.33 46.87 50.20 OK
r-release-windows-ix86+x86_64 0.9 16.00 57.00 73.00 OK
r-release-osx-x86_64 0.9 WARN
r-oldrel-windows-ix86+x86_64 0.9 10.00 63.00 73.00 OK
r-oldrel-osx-x86_64 0.9 WARN

Check Details

Version: 0.9
Check: whether package can be installed
Result: WARN
    Found the following significant warnings:
     Warning: 'rgl_init' failed, running with rgl.useNULL = TRUE
Flavors: r-release-osx-x86_64, r-oldrel-osx-x86_64

Version: 0.9
Check: S3 generic/method consistency
Result: WARN
    Warning: declared S3 method 'plot3d.templatebrain' not found
    See section ‘Generic functions and methods’ in the ‘Writing R
    Extensions’ manual.
Flavors: r-release-osx-x86_64, r-oldrel-osx-x86_64