CRAN Package Check Results for Package nat.templatebrains

Last updated on 2018-05-23 01:46:40 CEST.

Flavor Version Tinstall Tcheck Ttotal Status Flags
r-devel-linux-x86_64-debian-clang 0.8.2 3.31 50.96 54.27 WARN
r-devel-linux-x86_64-debian-gcc 0.8.2 3.26 40.92 44.18 WARN
r-devel-linux-x86_64-fedora-clang 0.8.2 63.91 OK
r-devel-linux-x86_64-fedora-gcc 0.8.2 62.13 OK
r-devel-windows-ix86+x86_64 0.8.2 7.00 95.00 102.00 OK
r-patched-linux-x86_64 0.8.2 3.78 46.37 50.15 OK
r-patched-solaris-x86 0.8.2 98.90 OK
r-release-linux-x86_64 0.8.2 3.49 46.46 49.95 OK
r-release-windows-ix86+x86_64 0.8.2 10.00 83.00 93.00 OK
r-release-osx-x86_64 0.8.2 OK
r-oldrel-windows-ix86+x86_64 0.8.2 15.00 64.00 79.00 OK
r-oldrel-osx-x86_64 0.8.2 OK

Check Details

Version: 0.8.2
Check: for unstated dependencies in ‘tests’
Result: WARN
    '::' or ':::' import not declared from: ‘nabor’
Flavors: r-devel-linux-x86_64-debian-clang, r-devel-linux-x86_64-debian-gcc