CRAN Package Check Results for Package nat.templatebrains

Last updated on 2019-02-19 21:49:30 CET.

Flavor Version Tinstall Tcheck Ttotal Status Flags
r-devel-linux-x86_64-debian-clang 0.9 3.97 49.64 53.61 OK
r-devel-linux-x86_64-debian-gcc 0.9 3.36 40.28 43.64 OK
r-devel-linux-x86_64-fedora-clang 0.9 70.80 OK
r-devel-linux-x86_64-fedora-gcc 0.9 65.88 OK
r-devel-windows-ix86+x86_64 0.9 14.00 89.00 103.00 OK
r-patched-linux-x86_64 0.9 3.85 48.24 52.09 OK
r-patched-solaris-x86 0.9 92.50 OK
r-release-linux-x86_64 0.9 3.68 46.84 50.52 OK
r-release-windows-ix86+x86_64 0.9 7.00 82.00 89.00 OK
r-release-osx-x86_64 0.9 WARN
r-oldrel-windows-ix86+x86_64 0.9 10.00 70.00 80.00 OK
r-oldrel-osx-x86_64 0.9 WARN

Check Details

Version: 0.9
Check: whether package can be installed
Result: WARN
    Found the following significant warnings:
     Warning: 'rgl_init' failed, running with rgl.useNULL = TRUE
Flavors: r-release-osx-x86_64, r-oldrel-osx-x86_64

Version: 0.9
Check: S3 generic/method consistency
Result: WARN
    Warning: declared S3 method 'plot3d.templatebrain' not found
    See section ‘Generic functions and methods’ in the ‘Writing R
    Extensions’ manual.
Flavors: r-release-osx-x86_64, r-oldrel-osx-x86_64