CRAN Package Check Results for Package natmanager

Last updated on 2022-09-25 03:54:36 CEST.

Flavor Version Tinstall Tcheck Ttotal Status Flags
r-devel-linux-x86_64-debian-clang 0.4.9 3.39 33.88 37.27 OK
r-devel-linux-x86_64-debian-gcc 0.4.9 3.00 26.15 29.15 OK
r-devel-linux-x86_64-fedora-clang 0.4.9 57.54 OK
r-devel-linux-x86_64-fedora-gcc 0.4.9 57.70 OK
r-devel-windows-x86_64 0.4.9 14.00 60.00 74.00 OK
r-patched-linux-x86_64 0.4.9 4.03 32.89 36.92 OK
r-release-linux-x86_64 0.4.9 3.55 32.20 35.75 OK
r-release-macos-arm64 0.4.9 19.00 OK
r-release-macos-x86_64 0.4.9 28.00 OK
r-release-windows-x86_64 0.4.9 12.00 57.00 69.00 OK
r-oldrel-macos-arm64 0.4.9 20.00 OK
r-oldrel-macos-x86_64 0.4.9 29.00 OK
r-oldrel-windows-ix86+x86_64 0.4.9 9.00 70.00 79.00 WARN

Check Details

Version: 0.4.9
Check: for unstated dependencies in ‘tests’
Result: WARN
    Warning: unable to access index for repository https://bioconductor.org/packages/3.14/bioc/src/contrib:
     cannot open URL 'https://bioconductor.org/packages/3.14/bioc/src/contrib/PACKAGES'
    Warning: unable to access index for repository https://bioconductor.org/packages/3.14/data/annotation/src/contrib:
     cannot open URL 'https://bioconductor.org/packages/3.14/data/annotation/src/contrib/PACKAGES'
    Warning: unable to access index for repository https://bioconductor.org/packages/3.14/data/experiment/src/contrib:
     cannot open URL 'https://bioconductor.org/packages/3.14/data/experiment/src/contrib/PACKAGES'
Flavor: r-oldrel-windows-ix86+x86_64