CRAN Package Check Results for Package naturaList

Last updated on 2022-10-07 14:52:11 CEST.

Flavor Version Tinstall Tcheck Ttotal Status Flags
r-devel-linux-x86_64-debian-clang 0.5.0 7.88 141.15 149.03 OK
r-devel-linux-x86_64-debian-gcc 0.5.0 5.65 106.07 111.72 OK
r-devel-linux-x86_64-fedora-clang 0.5.0 198.55 NOTE
r-devel-linux-x86_64-fedora-gcc 0.5.0 182.83 NOTE
r-devel-windows-x86_64 0.5.0 30.00 184.00 214.00 OK
r-patched-linux-x86_64 0.5.0 6.52 134.33 140.85 OK
r-release-linux-x86_64 0.5.0 4.67 134.33 139.00 OK
r-release-macos-arm64 0.5.0 44.00 NOTE
r-release-macos-x86_64 0.5.0 76.00 NOTE
r-release-windows-x86_64 0.5.0 40.00 174.00 214.00 OK
r-oldrel-macos-arm64 0.5.0 48.00 NOTE
r-oldrel-macos-x86_64 0.5.0 77.00 NOTE
r-oldrel-windows-ix86+x86_64 0.5.0 18.00 168.00 186.00 OK

Check Details

Version: 0.5.0
Check: data for non-ASCII characters
Result: NOTE
     Note: found 5 marked Latin-1 strings
     Note: found 7187 marked UTF-8 strings
Flavors: r-devel-linux-x86_64-fedora-clang, r-devel-linux-x86_64-fedora-gcc, r-release-macos-arm64, r-release-macos-x86_64, r-oldrel-macos-arm64, r-oldrel-macos-x86_64