CRAN Package Check Results for Package naturaList

Last updated on 2024-02-28 04:16:29 CET.

Flavor Version Tinstall Tcheck Ttotal Status Flags
r-devel-linux-x86_64-debian-clang 0.5.2 7.47 149.32 156.79 OK
r-devel-linux-x86_64-debian-gcc 0.5.2 6.48 111.72 118.20 OK
r-devel-linux-x86_64-fedora-clang 0.5.2 199.80 NOTE
r-devel-linux-x86_64-fedora-gcc 0.5.2 211.75 NOTE
r-devel-windows-x86_64 0.5.2 10.00 126.00 136.00 OK
r-patched-linux-x86_64 0.5.2 5.93 143.23 149.16 OK
r-release-linux-x86_64 0.5.2 5.39 142.89 148.28 OK
r-release-macos-arm64 0.5.2 75.00 OK
r-release-macos-x86_64 0.5.2 130.00 OK
r-release-windows-x86_64 0.5.2 12.00 159.00 171.00 OK
r-oldrel-macos-arm64 0.5.2 67.00 OK
r-oldrel-windows-x86_64 0.5.2 14.00 156.00 170.00 OK

Check Details

Version: 0.5.2
Check: data for non-ASCII characters
Result: NOTE Note: found 5 marked Latin-1 strings Note: found 7187 marked UTF-8 strings Flavors: r-devel-linux-x86_64-fedora-clang, r-devel-linux-x86_64-fedora-gcc