CRAN Package Check Results for Package nauf

Last updated on 2018-02-24 11:51:15 CET.

Flavor Version Tinstall Tcheck Ttotal Status Flags
r-devel-linux-x86_64-debian-clang 1.1.0 12.21 266.74 278.95 NOTE
r-devel-linux-x86_64-debian-gcc 1.1.0 9.63 209.61 219.24 NOTE
r-devel-linux-x86_64-fedora-clang 1.1.0 348.70 NOTE
r-devel-linux-x86_64-fedora-gcc 1.1.0 340.36 NOTE
r-devel-windows-ix86+x86_64 1.1.0 45.00 343.00 388.00 OK
r-patched-linux-x86_64 1.1.0 8.02 287.08 295.10 OK
r-patched-solaris-x86 1.1.0 416.50 WARN
r-release-linux-x86_64 1.1.0 7.83 281.85 289.68 OK
r-release-windows-ix86+x86_64 1.1.0 25.00 350.00 375.00 OK
r-release-osx-x86_64 1.1.0 OK
r-oldrel-windows-ix86+x86_64 1.1.0 28.00 265.00 293.00 OK
r-oldrel-osx-x86_64 1.1.0 ERROR

Check Details

Version: 1.1.0
Check: DESCRIPTION meta-information
Result: NOTE
    Dependence on R version ‘3.3.3’ not with patchlevel 0
Flavors: r-devel-linux-x86_64-debian-clang, r-devel-linux-x86_64-debian-gcc, r-devel-linux-x86_64-fedora-clang, r-devel-linux-x86_64-fedora-gcc

Version: 1.1.0
Check: re-building of vignette outputs
Result: WARN
    Error in re-building vignettes:
     ...
    Warning in engine$weave(file, quiet = quiet, encoding = enc) :
     Pandoc (>= 1.12.3) and/or pandoc-citeproc not available. Falling back to R Markdown v1.
    Quitting from lines 112-115 (using-nauf.Rmd)
    Error: processing vignette 'using-nauf.Rmd' failed with diagnostics:
    'a' must be a numeric matrix
    Execution halted
Flavor: r-patched-solaris-x86

Version: 1.1.0
Check: package dependencies
Result: ERROR
    Package required but not available: ‘standardize’
    
    See section ‘The DESCRIPTION file’ in the ‘Writing R Extensions’
    manual.
Flavor: r-oldrel-osx-x86_64