CRAN Package Check Results for Package nbpMatching

Last updated on 2022-10-01 13:51:37 CEST.

Flavor Version Tinstall Tcheck Ttotal Status Flags
r-devel-linux-x86_64-debian-clang 1.5.1 18.13 126.73 144.86 OK
r-devel-linux-x86_64-debian-gcc 1.5.1 14.83 93.68 108.51 OK
r-devel-linux-x86_64-fedora-clang 1.5.1 187.90 NOTE
r-devel-linux-x86_64-fedora-gcc 1.5.1 190.01 NOTE
r-devel-windows-x86_64 1.5.1 63.00 149.00 212.00 OK
r-patched-linux-x86_64 1.5.1 17.93 116.68 134.61 OK
r-release-linux-x86_64 1.5.1 12.49 115.41 127.90 OK
r-release-macos-arm64 1.5.1 42.00 OK
r-release-macos-x86_64 1.5.1 92.00 OK
r-release-windows-x86_64 1.5.1 33.00 144.00 177.00 OK
r-oldrel-macos-arm64 1.5.1 60.00 OK
r-oldrel-macos-x86_64 1.5.1 92.00 OK
r-oldrel-windows-ix86+x86_64 1.5.1 42.00 183.00 225.00 OK

Check Details

Version: 1.5.1
Check: compiled code
Result: NOTE
    File ‘nbpMatching/libs/nbpMatching.so’:
     Found no calls to: ‘R_registerRoutines’, ‘R_useDynamicSymbols’
    
    It is good practice to register native routines and to disable symbol
    search.
    
    See ‘Writing portable packages’ in the ‘Writing R Extensions’ manual.
Flavors: r-devel-linux-x86_64-fedora-clang, r-devel-linux-x86_64-fedora-gcc