CRAN Package Check Results for Package ncappc

Last updated on 2018-02-24 01:48:07 CET.

Flavor Version Tinstall Tcheck Ttotal Status Flags
r-devel-linux-x86_64-debian-clang 0.2.1.1 9.66 51.25 60.91 WARN
r-devel-linux-x86_64-debian-gcc 0.2.1.1 10.41 41.00 51.41 WARN
r-devel-linux-x86_64-fedora-clang 0.2.1.1 74.28 WARN
r-devel-linux-x86_64-fedora-gcc 0.2.1.1 70.81 WARN
r-devel-windows-ix86+x86_64 0.2.1.1 18.00 80.00 98.00 WARN
r-patched-linux-x86_64 0.2.1.1 4.58 54.10 58.68 OK
r-patched-solaris-x86 0.2.1.1 84.30 OK
r-release-linux-x86_64 0.2.1.1 4.25 53.78 58.03 OK
r-release-windows-ix86+x86_64 0.2.1.1 8.00 80.00 88.00 OK
r-release-osx-x86_64 0.2.1.1 OK
r-oldrel-windows-ix86+x86_64 0.2.1.1 5.00 59.00 64.00 OK
r-oldrel-osx-x86_64 0.2.1.1 OK

Check Details

Version: 0.2.1.1
Check: whether package can be installed
Result: WARN
    Found the following significant warnings:
     Note: next may be used in wrong context: no loop is visible
Flavors: r-devel-linux-x86_64-debian-clang, r-devel-linux-x86_64-debian-gcc, r-devel-linux-x86_64-fedora-clang, r-devel-linux-x86_64-fedora-gcc, r-devel-windows-ix86+x86_64

Version: 0.2.1.1
Check: files in ‘vignettes’
Result: NOTE
    Files named as vignettes but with no recognized vignette engine:
     ‘vignettes/Sub-CommandLineArguments.Rmd’
     ‘vignettes/Sub-EstimatedNCAmetrics.Rmd’
     ‘vignettes/Sub-EstimationMethod.Rmd’
     ‘vignettes/Sub-Output.Rmd’
    (Is a VignetteBuilder field missing?)
Flavors: r-devel-linux-x86_64-debian-clang, r-devel-linux-x86_64-debian-gcc, r-devel-linux-x86_64-fedora-clang, r-devel-linux-x86_64-fedora-gcc, r-devel-windows-ix86+x86_64