Last updated on 2019-02-18 04:50:15 CET.
Flavor | Version | Tinstall | Tcheck | Ttotal | Status | Flags |
---|---|---|---|---|---|---|
r-devel-linux-x86_64-debian-clang | 0.3.0 | 11.94 | 68.91 | 80.85 | OK | |
r-devel-linux-x86_64-debian-gcc | 0.3.0 | 9.47 | 53.01 | 62.48 | OK | |
r-devel-linux-x86_64-fedora-clang | 0.3.0 | 94.62 | NOTE | |||
r-devel-linux-x86_64-fedora-gcc | 0.3.0 | 87.89 | NOTE | |||
r-devel-windows-ix86+x86_64 | 0.3.0 | 19.00 | 78.00 | 97.00 | OK | |
r-patched-linux-x86_64 | 0.3.0 | 9.81 | 64.43 | 74.24 | OK | |
r-patched-solaris-x86 | 0.3.0 | 126.00 | NOTE | |||
r-release-linux-x86_64 | 0.3.0 | OK | ||||
r-release-windows-ix86+x86_64 | 0.3.0 | 11.00 | 109.00 | 120.00 | OK | |
r-release-osx-x86_64 | 0.3.0 | NOTE | ||||
r-oldrel-windows-ix86+x86_64 | 0.3.0 | 12.00 | 103.00 | 115.00 | OK | |
r-oldrel-osx-x86_64 | 0.3.0 | NOTE |
Version: 0.3.0
Check: dependencies in R code
Result: NOTE
Namespace in Imports field not imported from: ‘bookdown’
All declared Imports should be used.
Flavors: r-devel-linux-x86_64-fedora-clang, r-devel-linux-x86_64-fedora-gcc, r-patched-solaris-x86, r-release-osx-x86_64, r-oldrel-osx-x86_64