CRAN Package Check Results for Package ncappc

Last updated on 2018-05-24 02:48:31 CEST.

Flavor Version Tinstall Tcheck Ttotal Status Flags
r-release-osx-x86_64 0.2.1.1 WARN
r-oldrel-osx-x86_64 0.2.1.1 OK

Check Details

Version: 0.2.1.1
Check: whether package can be installed
Result: WARN
    Found the following significant warnings:
     Note: next used in wrong context: no loop is visible
    See ‘/Volumes/SSD-Data/Builds/R-dev-web/QA/Simon/packages/el-capitan-x86_64/results/3.5/ncappc.Rcheck/00install.out’ for details.
    Information on the location(s) of code generating the ‘Note’s can be
    obtained by re-running with environment variable R_KEEP_PKG_SOURCE set
    to ‘yes’.
Flavor: r-release-osx-x86_64

Version: 0.2.1.1
Check: files in ‘vignettes’
Result: NOTE
    Files named as vignettes but with no recognized vignette engine:
     ‘vignettes/Sub-CommandLineArguments.Rmd’
     ‘vignettes/Sub-EstimatedNCAmetrics.Rmd’
     ‘vignettes/Sub-EstimationMethod.Rmd’
     ‘vignettes/Sub-Output.Rmd’
    (Is a VignetteBuilder field missing?)
Flavor: r-release-osx-x86_64