Last updated on 2021-03-08 08:48:35 CET.
Flavor | Version | Tinstall | Tcheck | Ttotal | Status | Flags |
---|---|---|---|---|---|---|
r-devel-linux-x86_64-debian-clang | 2013.03.29 | 2.34 | 47.83 | 50.17 | NOTE | |
r-devel-linux-x86_64-debian-gcc | 2013.03.29 | 1.88 | 39.17 | 41.05 | NOTE | |
r-devel-linux-x86_64-fedora-clang | 2013.03.29 | 71.15 | NOTE | |||
r-devel-linux-x86_64-fedora-gcc | 2013.03.29 | 60.44 | NOTE | |||
r-devel-windows-ix86+x86_64 | 2013.03.29 | 5.00 | 69.00 | 74.00 | NOTE | |
r-devel-windows-x86_64-gcc10-UCRT | 2013.03.29 | NOTE | ||||
r-patched-linux-x86_64 | 2013.03.29 | 2.21 | 46.70 | 48.91 | NOTE | |
r-patched-solaris-x86 | 2013.03.29 | 102.90 | NOTE | |||
r-release-linux-x86_64 | 2013.03.29 | 2.74 | 46.05 | 48.79 | NOTE | |
r-release-macos-x86_64 | 2013.03.29 | NOTE | ||||
r-release-windows-ix86+x86_64 | 2013.03.29 | 6.00 | 47.00 | 53.00 | NOTE | |
r-oldrel-macos-x86_64 | 2013.03.29 | NOTE | ||||
r-oldrel-windows-ix86+x86_64 | 2013.03.29 | 5.00 | 70.00 | 75.00 | NOTE |
Version: 2013.03.29
Check: DESCRIPTION meta-information
Result: NOTE
Malformed Description field: should contain one or more complete sentences.
Flavors: r-devel-linux-x86_64-debian-clang, r-devel-linux-x86_64-debian-gcc, r-devel-linux-x86_64-fedora-clang, r-devel-linux-x86_64-fedora-gcc, r-devel-windows-ix86+x86_64, r-devel-windows-x86_64-gcc10-UCRT, r-patched-linux-x86_64, r-patched-solaris-x86, r-release-linux-x86_64, r-release-macos-x86_64, r-release-windows-ix86+x86_64, r-oldrel-macos-x86_64, r-oldrel-windows-ix86+x86_64
Version: 2013.03.29
Check: R code for possible problems
Result: NOTE
ncbit : FUN: no visible global function definition for 'read.table'
ncbit : FUN: no visible global function definition for 'head'
Undefined global functions or variables:
head read.table
Consider adding
importFrom("utils", "head", "read.table")
to your NAMESPACE file.
Flavors: r-devel-linux-x86_64-debian-clang, r-devel-linux-x86_64-debian-gcc, r-devel-linux-x86_64-fedora-clang, r-devel-linux-x86_64-fedora-gcc, r-devel-windows-ix86+x86_64, r-devel-windows-x86_64-gcc10-UCRT, r-patched-linux-x86_64, r-patched-solaris-x86, r-release-linux-x86_64, r-release-macos-x86_64, r-release-windows-ix86+x86_64, r-oldrel-macos-x86_64, r-oldrel-windows-ix86+x86_64
Version: 2013.03.29
Check: installed package size
Result: NOTE
installed size is 9.5Mb
sub-directories of 1Mb or more:
data 9.4Mb
Flavors: r-devel-linux-x86_64-fedora-clang, r-devel-windows-ix86+x86_64, r-patched-solaris-x86, r-release-macos-x86_64, r-release-windows-ix86+x86_64, r-oldrel-macos-x86_64, r-oldrel-windows-ix86+x86_64