CRAN Package Check Results for Package ncdump

Last updated on 2022-11-30 21:53:55 CET.

Flavor Version Tinstall Tcheck Ttotal Status Flags
r-devel-linux-x86_64-debian-clang 0.0.3 4.88 50.39 55.27 NOTE
r-devel-linux-x86_64-debian-gcc 0.0.3 4.05 38.18 42.23 NOTE
r-devel-linux-x86_64-fedora-clang 0.0.3 79.12 NOTE
r-devel-linux-x86_64-fedora-gcc 0.0.3 74.89 NOTE
r-devel-windows-x86_64 0.0.3 13.00 73.00 86.00 NOTE
r-patched-linux-x86_64 0.0.3 3.06 47.29 50.35 NOTE
r-release-linux-x86_64 0.0.3 4.49 48.06 52.55 NOTE
r-release-macos-arm64 0.0.3 20.00 NOTE
r-release-macos-x86_64 0.0.3 41.00 NOTE
r-release-windows-x86_64 0.0.3 11.00 76.00 87.00 NOTE
r-oldrel-macos-arm64 0.0.3 25.00 NOTE
r-oldrel-macos-x86_64 0.0.3 40.00 NOTE
r-oldrel-windows-ix86+x86_64 0.0.3 12.00 73.00 85.00 NOTE

Check Details

Version: 0.0.3
Check: LazyData
Result: NOTE
     'LazyData' is specified without a 'data' directory
Flavors: r-devel-linux-x86_64-debian-clang, r-devel-linux-x86_64-debian-gcc, r-devel-linux-x86_64-fedora-clang, r-devel-linux-x86_64-fedora-gcc, r-devel-windows-x86_64, r-patched-linux-x86_64, r-release-linux-x86_64, r-release-macos-arm64, r-release-macos-x86_64, r-release-windows-x86_64, r-oldrel-macos-arm64, r-oldrel-macos-x86_64, r-oldrel-windows-ix86+x86_64