CRAN Package Check Results for Package ncpen

Last updated on 2022-05-21 13:52:13 CEST.

Flavor Version Tinstall Tcheck Ttotal Status Flags
r-devel-linux-x86_64-debian-clang 1.0.0 70.18 55.89 126.07 NOTE
r-devel-linux-x86_64-debian-gcc 1.0.0 60.75 42.99 103.74 NOTE
r-devel-linux-x86_64-fedora-clang 1.0.0 181.26 NOTE
r-devel-linux-x86_64-fedora-gcc 1.0.0 160.91 NOTE
r-devel-windows-x86_64 1.0.0 73.00 91.00 164.00 NOTE
r-patched-linux-x86_64 1.0.0 62.60 53.07 115.67 NOTE
r-release-linux-x86_64 1.0.0 62.83 50.85 113.68 NOTE
r-release-macos-arm64 1.0.0 45.00 NOTE
r-release-macos-x86_64 1.0.0 54.00 NOTE
r-release-windows-x86_64 1.0.0 73.00 94.00 167.00 NOTE
r-oldrel-macos-arm64 1.0.0 51.00 NOTE
r-oldrel-macos-x86_64 1.0.0 79.00 NOTE
r-oldrel-windows-ix86+x86_64 1.0.0 162.00 102.00 264.00 NOTE

Check Details

Version: 1.0.0
Check: LazyData
Result: NOTE
     'LazyData' is specified without a 'data' directory
Flavors: r-devel-linux-x86_64-debian-clang, r-devel-linux-x86_64-debian-gcc, r-devel-linux-x86_64-fedora-clang, r-devel-linux-x86_64-fedora-gcc, r-devel-windows-x86_64, r-patched-linux-x86_64, r-release-linux-x86_64, r-release-macos-arm64, r-release-macos-x86_64, r-release-windows-x86_64, r-oldrel-macos-arm64, r-oldrel-macos-x86_64, r-oldrel-windows-ix86+x86_64

Version: 1.0.0
Check: installed package size
Result: NOTE
     installed size is 5.3Mb
     sub-directories of 1Mb or more:
     libs 5.0Mb
Flavors: r-devel-linux-x86_64-fedora-clang, r-release-macos-arm64, r-release-macos-x86_64, r-oldrel-macos-arm64, r-oldrel-macos-x86_64