CRAN Package Check Results for Package ndjson

Last updated on 2024-07-23 15:48:16 CEST.

Flavor Version Tinstall Tcheck Ttotal Status Flags
r-devel-linux-x86_64-debian-clang 0.9.0 19.43 30.05 49.48 OK
r-devel-linux-x86_64-debian-gcc 0.9.0 17.06 23.35 40.41 OK
r-devel-linux-x86_64-fedora-clang 0.9.0 83.71 OK
r-devel-linux-x86_64-fedora-gcc 0.9.0 74.04 OK
r-devel-windows-x86_64 0.9.0 20.00 63.00 83.00 NOTE
r-patched-linux-x86_64 0.9.0 28.55 28.82 57.37 OK
r-release-linux-x86_64 0.9.0 22.20 29.66 51.86 OK
r-release-macos-arm64 0.9.0 25.00 OK
r-release-macos-x86_64 0.9.0 37.00 OK
r-release-windows-x86_64 0.9.0 23.00 62.00 85.00 NOTE
r-oldrel-macos-arm64 0.9.0 28.00 OK
r-oldrel-macos-x86_64 0.9.0 42.00 OK
r-oldrel-windows-x86_64 0.9.0 24.00 69.00 93.00 NOTE

Check Details

Version: 0.9.0
Check: C++ specification
Result: NOTE Specified C++14: please drop specification unless essential Flavors: r-devel-windows-x86_64, r-release-windows-x86_64, r-oldrel-windows-x86_64