CRAN Package Check Results for Package neatStats

Last updated on 2021-03-07 21:48:53 CET.

Flavor Version Tinstall Tcheck Ttotal Status Flags
r-devel-linux-x86_64-debian-clang 1.5.1 8.98 81.03 90.01 NOTE
r-devel-linux-x86_64-debian-gcc 1.5.1 7.07 60.01 67.08 NOTE
r-devel-linux-x86_64-fedora-clang 1.5.1 114.00 NOTE
r-devel-linux-x86_64-fedora-gcc 1.5.1 101.17 NOTE
r-devel-windows-ix86+x86_64 1.5.1 21.00 117.00 138.00 OK
r-devel-windows-x86_64-gcc10-UCRT 1.5.1 NOTE
r-patched-linux-x86_64 1.5.1 7.44 75.70 83.14 NOTE
r-patched-solaris-x86 1.5.1 144.30 NOTE
r-release-linux-x86_64 1.5.1 9.99 75.55 85.54 NOTE
r-release-macos-x86_64 1.5.1 NOTE
r-release-windows-ix86+x86_64 1.5.1 15.00 80.00 95.00 OK
r-oldrel-macos-x86_64 1.5.1 NOTE
r-oldrel-windows-ix86+x86_64 1.5.1 10.00 81.00 91.00 OK

Check Details

Version: 1.5.1
Check: R code for possible problems
Result: NOTE
    Found the following assignments to the global environment:
    File 'neatStats/R/rbind_loop.R':
     assign(merged_str, to_merge, envir = .GlobalEnv)
     assign(merged_str, plyr::rbind.fill(merged, to_merge), envir = .GlobalEnv)
Flavors: r-devel-linux-x86_64-debian-clang, r-devel-linux-x86_64-debian-gcc, r-devel-linux-x86_64-fedora-clang, r-patched-linux-x86_64, r-release-linux-x86_64

Version: 1.5.1
Check: dependencies in R code
Result: NOTE
    Namespace in Imports field not imported from: ‘ez’
     All declared Imports should be used.
Flavors: r-devel-linux-x86_64-fedora-clang, r-devel-linux-x86_64-fedora-gcc, r-devel-windows-x86_64-gcc10-UCRT, r-patched-solaris-x86, r-release-macos-x86_64, r-oldrel-macos-x86_64