CRAN Package Check Results for Package neatmaps

Last updated on 2018-02-20 23:50:15 CET.

Flavor Version Tinstall Tcheck Ttotal Status Flags
r-devel-linux-x86_64-debian-clang 1.0.7 5.38 71.33 76.71 OK
r-devel-linux-x86_64-debian-gcc 1.0.7 4.10 56.06 60.16 OK
r-devel-linux-x86_64-fedora-clang 1.0.7 96.40 OK
r-devel-linux-x86_64-fedora-gcc 1.0.7 90.52 OK
r-devel-windows-ix86+x86_64 1.0.7 11.00 87.00 98.00 OK
r-patched-linux-x86_64 1.0.7 6.09 78.79 84.88 OK
r-patched-solaris-x86 1.0.7 131.40 OK
r-release-linux-x86_64 1.0.7 5.63 78.98 84.61 OK
r-release-windows-ix86+x86_64 1.0.7 26.00 134.00 160.00 OK
r-release-osx-x86_64 1.0.7 OK
r-oldrel-osx-x86_64 1.0.7 ERROR

Check Details

Version: 1.0.7
Check: whether package can be installed
Result: ERROR
    Installation failed.
Flavor: r-oldrel-osx-x86_64