CRAN Package Check Results for Package neatmaps

Last updated on 2022-10-01 11:49:32 CEST.

Flavor Version Tinstall Tcheck Ttotal Status Flags
r-devel-linux-x86_64-debian-clang 2.1.0 10.99 98.20 109.19 OK
r-devel-linux-x86_64-debian-gcc 2.1.0 8.05 73.74 81.79 OK
r-devel-linux-x86_64-fedora-clang 2.1.0 140.72 NOTE
r-devel-linux-x86_64-fedora-gcc 2.1.0 142.75 OK
r-devel-windows-x86_64 2.1.0 21.00 133.00 154.00 NOTE
r-patched-linux-x86_64 2.1.0 6.90 91.77 98.67 OK
r-release-linux-x86_64 2.1.0 6.29 90.56 96.85 OK
r-release-macos-arm64 2.1.0 41.00 NOTE
r-release-macos-x86_64 2.1.0 66.00 NOTE
r-release-windows-x86_64 2.1.0 16.00 125.00 141.00 NOTE
r-oldrel-macos-arm64 2.1.0 59.00 NOTE
r-oldrel-macos-x86_64 2.1.0 52.00 NOTE
r-oldrel-windows-ix86+x86_64 2.1.0 24.00 117.00 141.00 NOTE

Check Details

Version: 2.1.0
Check: installed package size
Result: NOTE
     installed size is 6.3Mb
Flavors: r-devel-linux-x86_64-fedora-clang, r-devel-windows-x86_64, r-release-macos-arm64, r-release-macos-x86_64, r-release-windows-x86_64, r-oldrel-macos-arm64, r-oldrel-macos-x86_64, r-oldrel-windows-ix86+x86_64