Last updated on 2025-01-19 06:48:29 CET.
Flavor | Version | Tinstall | Tcheck | Ttotal | Status | Flags |
---|---|---|---|---|---|---|
r-devel-linux-x86_64-debian-clang | 0.1.5 | 13.96 | 38.44 | 52.40 | NOTE | |
r-devel-linux-x86_64-debian-gcc | 0.1.5 | 9.84 | 30.34 | 40.18 | NOTE | |
r-devel-linux-x86_64-fedora-clang | 0.1.5 | 106.68 | NOTE | |||
r-devel-linux-x86_64-fedora-gcc | 0.1.5 | 115.17 | NOTE | |||
r-devel-windows-x86_64 | 0.1.5 | 21.00 | 86.00 | 107.00 | OK | |
r-patched-linux-x86_64 | 0.1.5 | 13.28 | 36.67 | 49.95 | OK | |
r-release-linux-x86_64 | 0.1.5 | 12.33 | 36.59 | 48.92 | OK | |
r-release-macos-arm64 | 0.1.5 | 55.00 | OK | |||
r-release-macos-x86_64 | 0.1.5 | 95.00 | OK | |||
r-release-windows-x86_64 | 0.1.5 | 19.00 | 90.00 | 109.00 | OK | |
r-oldrel-macos-arm64 | 0.1.5 | 53.00 | OK | |||
r-oldrel-macos-x86_64 | 0.1.5 | 104.00 | OK | |||
r-oldrel-windows-x86_64 | 0.1.5 | 20.00 | 100.00 | 120.00 | OK |
Version: 0.1.5
Check: top-level files
Result: NOTE
possible bashism in configure.ac line 36 (test -a/-o):
if test [ -z "${JAGS_LIBS}" -a -z "${JAGS_CFLAGS}" ] ; then
Flavors: r-devel-linux-x86_64-debian-clang, r-devel-linux-x86_64-debian-gcc, r-devel-linux-x86_64-fedora-clang, r-devel-linux-x86_64-fedora-gcc