Last updated on 2023-12-01 04:54:02 CET.
Flavor | Version | Tinstall | Tcheck | Ttotal | Status | Flags |
---|---|---|---|---|---|---|
r-devel-linux-x86_64-debian-clang | 0.3.2 | 15.67 | 173.72 | 189.39 | NOTE | |
r-devel-linux-x86_64-debian-gcc | 0.3.2 | 12.16 | 128.74 | 140.90 | NOTE | |
r-devel-linux-x86_64-fedora-clang | 0.3.2 | 228.82 | OK | |||
r-devel-linux-x86_64-fedora-gcc | 0.3.2 | 242.61 | OK | |||
r-devel-windows-x86_64 | 0.3.2 | 14.00 | 148.00 | 162.00 | OK | |
r-patched-linux-x86_64 | 0.3.2 | 10.72 | 163.94 | 174.66 | OK | |
r-release-linux-x86_64 | 0.3.2 | 11.49 | 164.48 | 175.97 | OK | |
r-release-macos-arm64 | 0.3.2 | 70.00 | OK | |||
r-release-macos-x86_64 | 0.3.2 | 171.00 | OK | |||
r-release-windows-x86_64 | 0.3.2 | 19.00 | 183.00 | 202.00 | OK | |
r-oldrel-macos-arm64 | 0.3.2 | 76.00 | OK | |||
r-oldrel-macos-x86_64 | 0.3.2 | 106.00 | OK | |||
r-oldrel-windows-x86_64 | 0.3.2 | 19.00 | 174.00 | 193.00 | OK |
Version: 0.3.2
Check: Rd files
Result: NOTE
checkRd: (-1) GSS.Rd:17: Lost braces
17 | code{2016}.}
| ^
Flavors: r-devel-linux-x86_64-debian-clang, r-devel-linux-x86_64-debian-gcc