CRAN Package Check Results for Package net.security

Last updated on 2018-05-22 18:47:03 CEST.

Flavor Version Tinstall Tcheck Ttotal Status Flags
r-devel-linux-x86_64-debian-clang 0.3.0 1.73 23.59 25.32 OK
r-devel-linux-x86_64-debian-gcc 0.3.0 2.00 19.13 21.13 OK
r-devel-linux-x86_64-fedora-clang 0.3.0 31.27 OK
r-devel-linux-x86_64-fedora-gcc 0.3.0 29.77 OK
r-devel-windows-ix86+x86_64 0.3.0 6.00 54.00 60.00 OK
r-patched-linux-x86_64 0.3.0 2.38 22.58 24.96 NOTE
r-patched-solaris-x86 0.3.0 48.00 OK
r-release-linux-x86_64 0.3.0 2.45 22.42 24.87 NOTE
r-release-windows-ix86+x86_64 0.3.0 6.00 57.00 63.00 OK
r-release-osx-x86_64 0.3.0 OK
r-oldrel-windows-ix86+x86_64 0.3.0 4.00 40.00 44.00 OK
r-oldrel-osx-x86_64 0.3.0 OK

Check Details

Version: 0.3.0
Check: DESCRIPTION meta-information
Result: NOTE
    Dependence on R version ‘3.3.1’ not with patchlevel 0
Flavors: r-patched-linux-x86_64, r-release-linux-x86_64