CRAN Package Check Results for Package net.security

Last updated on 2018-08-22 04:49:14 CEST.

Flavor Version Tinstall Tcheck Ttotal Status Flags
r-devel-linux-x86_64-debian-clang 0.3.0 1.80 24.79 26.59 OK
r-devel-linux-x86_64-debian-gcc 0.3.0 2.34 20.45 22.79 OK
r-devel-linux-x86_64-fedora-clang 0.3.0 31.93 OK
r-devel-linux-x86_64-fedora-gcc 0.3.0 31.83 OK
r-devel-windows-ix86+x86_64 0.3.0 5.00 33.00 38.00 OK
r-patched-linux-x86_64 0.3.0 2.50 22.64 25.14 NOTE
r-patched-solaris-x86 0.3.0 47.40 OK
r-release-linux-x86_64 0.3.0 2.68 22.53 25.21 NOTE
r-release-windows-ix86+x86_64 0.3.0 6.00 47.00 53.00 OK
r-release-osx-x86_64 0.3.0 OK
r-oldrel-windows-ix86+x86_64 0.3.0 3.00 46.00 49.00 OK
r-oldrel-osx-x86_64 0.3.0 OK

Check Details

Version: 0.3.0
Check: DESCRIPTION meta-information
Result: NOTE
    Dependence on R version ‘3.3.1’ not with patchlevel 0
Flavors: r-patched-linux-x86_64, r-release-linux-x86_64