CRAN Package Check Results for Package net.security

Last updated on 2019-02-17 21:47:41 CET.

Flavor Version Tinstall Tcheck Ttotal Status Flags
r-devel-linux-x86_64-debian-clang 0.3.0 2.53 24.59 27.12 OK
r-devel-linux-x86_64-debian-gcc 0.3.0 2.32 20.55 22.87 WARN
r-devel-linux-x86_64-fedora-clang 0.3.0 35.14 WARN
r-devel-linux-x86_64-fedora-gcc 0.3.0 33.23 WARN
r-devel-windows-ix86+x86_64 0.3.0 5.00 40.00 45.00 WARN
r-patched-linux-x86_64 0.3.0 2.25 22.88 25.13 NOTE
r-patched-solaris-x86 0.3.0 48.20 OK
r-release-linux-x86_64 0.3.0 NOTE
r-release-windows-ix86+x86_64 0.3.0 3.00 54.00 57.00 OK
r-release-osx-x86_64 0.3.0 OK
r-oldrel-windows-ix86+x86_64 0.3.0 4.00 34.00 38.00 OK
r-oldrel-osx-x86_64 0.3.0 OK

Check Details

Version: 0.3.0
Check: contents of ‘data’ directory
Result: WARN
    Output for data("capec.sample"):
     No dataset created in 'envir'
    Output for data("cpes.sample"):
     No dataset created in 'envir'
    Output for data("cves.sample"):
     No dataset created in 'envir'
    Output for data("cwes.sample"):
     No dataset created in 'envir'
Flavors: r-devel-linux-x86_64-debian-gcc, r-devel-linux-x86_64-fedora-clang, r-devel-linux-x86_64-fedora-gcc, r-devel-windows-ix86+x86_64

Version: 0.3.0
Check: DESCRIPTION meta-information
Result: NOTE
    Dependence on R version ‘3.3.1’ not with patchlevel 0
Flavors: r-patched-linux-x86_64, r-release-linux-x86_64