CRAN Package Check Results for Package net.security

Last updated on 2018-02-25 16:48:30 CET.

Flavor Version Tinstall Tcheck Ttotal Status Flags
r-devel-linux-x86_64-debian-clang 0.3.0 2.05 22.73 24.78 NOTE
r-devel-linux-x86_64-debian-gcc 0.3.0 2.09 17.97 20.06 NOTE
r-devel-linux-x86_64-fedora-clang 0.3.0 31.62 NOTE
r-devel-linux-x86_64-fedora-gcc 0.3.0 28.78 NOTE
r-devel-windows-ix86+x86_64 0.3.0 5.00 45.00 50.00 OK
r-patched-linux-x86_64 0.3.0 1.23 22.87 24.10 OK
r-patched-solaris-x86 0.3.0 37.60 OK
r-release-linux-x86_64 0.3.0 1.11 22.87 23.98 OK
r-release-windows-ix86+x86_64 0.3.0 4.00 46.00 50.00 OK
r-release-osx-x86_64 0.3.0 OK
r-oldrel-windows-ix86+x86_64 0.3.0 4.00 34.00 38.00 OK
r-oldrel-osx-x86_64 0.3.0 OK

Check Details

Version: 0.3.0
Check: DESCRIPTION meta-information
Result: NOTE
    Dependence on R version ‘3.3.1’ not with patchlevel 0
Flavors: r-devel-linux-x86_64-debian-clang, r-devel-linux-x86_64-debian-gcc, r-devel-linux-x86_64-fedora-clang, r-devel-linux-x86_64-fedora-gcc