CRAN Package Check Results for Package net.security

Last updated on 2018-11-17 10:51:15 CET.

Flavor Version Tinstall Tcheck Ttotal Status Flags
r-devel-linux-x86_64-debian-clang 0.3.0 2.38 23.79 26.17 OK
r-devel-linux-x86_64-debian-gcc 0.3.0 2.24 19.62 21.86 OK
r-devel-linux-x86_64-fedora-clang 0.3.0 32.57 OK
r-devel-linux-x86_64-fedora-gcc 0.3.0 29.87 OK
r-devel-windows-ix86+x86_64 0.3.0 5.00 37.00 42.00 OK
r-patched-linux-x86_64 0.3.0 2.57 22.53 25.10 NOTE
r-patched-solaris-x86 0.3.0 46.70 OK
r-release-linux-x86_64 0.3.0 2.46 22.76 25.22 NOTE
r-release-windows-ix86+x86_64 0.3.0 7.00 36.00 43.00 OK
r-release-osx-x86_64 0.3.0 OK
r-oldrel-windows-ix86+x86_64 0.3.0 4.00 37.00 41.00 OK
r-oldrel-osx-x86_64 0.3.0 OK

Check Details

Version: 0.3.0
Check: DESCRIPTION meta-information
Result: NOTE
    Dependence on R version ‘3.3.1’ not with patchlevel 0
Flavors: r-patched-linux-x86_64, r-release-linux-x86_64