Last updated on 2022-05-28 22:55:14 CEST.
Flavor | Version | Tinstall | Tcheck | Ttotal | Status | Flags |
---|---|---|---|---|---|---|
r-devel-linux-x86_64-debian-clang | 1.0.1 | 53.94 | 43.02 | 96.96 | OK | |
r-devel-linux-x86_64-debian-gcc | 1.0.1 | 47.87 | 33.18 | 81.05 | OK | |
r-devel-linux-x86_64-fedora-clang | 1.0.1 | 149.94 | OK | |||
r-devel-linux-x86_64-fedora-gcc | 1.0.1 | 120.69 | OK | |||
r-devel-windows-x86_64 | 1.0.1 | 53.00 | 78.00 | 131.00 | OK | |
r-patched-linux-x86_64 | 1.0.1 | 51.98 | 42.62 | 94.60 | OK | |
r-release-linux-x86_64 | 1.0.1 | 46.05 | 41.35 | 87.40 | OK | |
r-release-macos-arm64 | 1.0.1 | 36.00 | NOTE | |||
r-release-macos-x86_64 | 1.0.1 | 47.00 | NOTE | |||
r-release-windows-x86_64 | 1.0.1 | 52.00 | 83.00 | 135.00 | OK | |
r-oldrel-macos-arm64 | 1.0.1 | 44.00 | NOTE | |||
r-oldrel-macos-x86_64 | 1.0.1 | 81.00 | NOTE | |||
r-oldrel-windows-ix86+x86_64 | 1.0.1 | 125.00 | 92.00 | 217.00 | OK |
Version: 1.0.1
Check: installed package size
Result: NOTE
installed size is 5.7Mb
sub-directories of 1Mb or more:
libs 5.6Mb
Flavors: r-release-macos-arm64, r-release-macos-x86_64, r-oldrel-macos-arm64, r-oldrel-macos-x86_64