CRAN Package Check Results for Package netCoin

Last updated on 2018-02-23 06:55:00 CET.

Flavor Version Tinstall Tcheck Ttotal Status Flags
r-devel-linux-x86_64-debian-clang 0.2.7 6.18 58.99 65.17 OK
r-devel-linux-x86_64-debian-gcc 0.2.7 5.79 52.38 58.17 OK
r-devel-linux-x86_64-fedora-clang 0.2.7 90.79 NOTE
r-devel-linux-x86_64-fedora-gcc 0.2.7 85.20 NOTE
r-devel-windows-ix86+x86_64 0.2.7 17.00 102.00 119.00 OK
r-patched-linux-x86_64 0.2.7 3.38 69.81 73.19 OK
r-patched-solaris-x86 0.2.7 133.50 NOTE
r-release-linux-x86_64 0.2.7 3.56 69.65 73.21 OK
r-release-windows-ix86+x86_64 0.2.7 12.00 103.00 115.00 OK
r-release-osx-x86_64 0.2.7 NOTE
r-oldrel-windows-ix86+x86_64 0.2.7 8.00 71.00 79.00 OK
r-oldrel-osx-x86_64 0.2.6 WARN

Check Details

Version: 0.2.7
Check: data for non-ASCII characters
Result: NOTE
     Note: found 77 marked UTF-8 strings
Flavors: r-devel-linux-x86_64-fedora-clang, r-devel-linux-x86_64-fedora-gcc, r-patched-solaris-x86, r-release-osx-x86_64

Version: 0.2.6
Check: data for non-ASCII characters
Result: NOTE
     Note: found 77 marked UTF-8 strings
Flavor: r-oldrel-osx-x86_64

Version: 0.2.6
Check: re-building of vignette outputs
Result: WARN
    Error in re-building vignettes:
     ...
    Warning in engine$weave(file, quiet = quiet, encoding = enc) :
     Pandoc (>= 1.12.3) and/or pandoc-citeproc not available. Falling back to R Markdown v1.
    Quitting from lines 128-130 (netCoin.Rmd)
    Error: processing vignette 'netCoin.Rmd' failed with diagnostics:
    cannot open the connection
    Execution halted
Flavor: r-oldrel-osx-x86_64