CRAN Package Check Results for Package netCoin

Last updated on 2018-08-22 08:48:59 CEST.

Flavor Version Tinstall Tcheck Ttotal Status Flags
r-devel-linux-x86_64-debian-clang 0.3.0 9.64 83.60 93.24 OK
r-devel-linux-x86_64-debian-gcc 0.3.0 5.71 66.21 71.92 OK
r-devel-linux-x86_64-fedora-clang 0.3.0 107.59 NOTE
r-devel-linux-x86_64-fedora-gcc 0.3.0 106.44 NOTE
r-devel-windows-ix86+x86_64 0.3.0 13.00 84.00 97.00 OK
r-patched-linux-x86_64 0.3.0 5.69 69.64 75.33 OK
r-patched-solaris-x86 0.3.0 142.60 NOTE
r-release-linux-x86_64 0.3.0 6.93 69.21 76.14 OK
r-release-windows-ix86+x86_64 0.3.0 17.00 77.00 94.00 OK
r-release-osx-x86_64 0.3.0 NOTE
r-oldrel-windows-ix86+x86_64 0.3.0 9.00 110.00 119.00 OK
r-oldrel-osx-x86_64 0.3.0 NOTE

Check Details

Version: 0.3.0
Check: data for non-ASCII characters
Result: NOTE
     Note: found 4 marked UTF-8 strings
Flavors: r-devel-linux-x86_64-fedora-clang, r-devel-linux-x86_64-fedora-gcc, r-patched-solaris-x86, r-release-osx-x86_64, r-oldrel-osx-x86_64