CRAN Package Check Results for Package netCoin

Last updated on 2018-05-23 01:46:41 CEST.

Flavor Version Tinstall Tcheck Ttotal Status Flags
r-devel-linux-x86_64-debian-clang 0.2.8 8.18 78.80 86.98 OK
r-devel-linux-x86_64-debian-gcc 0.2.8 6.28 63.17 69.45 OK
r-devel-linux-x86_64-fedora-clang 0.2.8 108.52 NOTE
r-devel-linux-x86_64-fedora-gcc 0.2.8 101.15 NOTE
r-devel-windows-ix86+x86_64 0.2.8 15.00 115.00 130.00 OK
r-patched-linux-x86_64 0.2.8 6.69 68.38 75.07 OK
r-patched-solaris-x86 0.2.8 142.20 NOTE
r-release-linux-x86_64 0.2.8 5.74 67.15 72.89 OK
r-release-windows-ix86+x86_64 0.2.8 16.00 105.00 121.00 OK
r-release-osx-x86_64 0.2.8 NOTE
r-oldrel-windows-ix86+x86_64 0.2.8 17.00 83.00 100.00 OK
r-oldrel-osx-x86_64 0.2.8 NOTE

Check Details

Version: 0.2.8
Check: data for non-ASCII characters
Result: NOTE
     Note: found 77 marked UTF-8 strings
Flavors: r-devel-linux-x86_64-fedora-clang, r-devel-linux-x86_64-fedora-gcc, r-patched-solaris-x86, r-release-osx-x86_64, r-oldrel-osx-x86_64