CRAN Package Check Results for Package netCoin

Last updated on 2018-11-20 13:46:31 CET.

Flavor Version Tinstall Tcheck Ttotal Status Flags
r-devel-linux-x86_64-debian-clang 0.3.0 8.00 74.24 82.24 OK
r-devel-linux-x86_64-debian-gcc 0.3.0 6.76 58.46 65.22 OK
r-devel-linux-x86_64-fedora-clang 0.3.0 96.78 NOTE
r-devel-linux-x86_64-fedora-gcc 0.3.0 92.62 NOTE
r-devel-windows-ix86+x86_64 0.3.0 17.00 77.00 94.00 OK
r-patched-linux-x86_64 0.3.0 8.14 69.70 77.84 OK
r-patched-solaris-x86 0.3.0 142.90 NOTE
r-release-linux-x86_64 0.3.0 5.89 69.71 75.60 OK
r-release-windows-ix86+x86_64 0.3.0 13.00 116.00 129.00 OK
r-release-osx-x86_64 0.3.0 NOTE
r-oldrel-windows-ix86+x86_64 0.3.0 12.00 119.00 131.00 OK
r-oldrel-osx-x86_64 0.3.0 NOTE

Check Details

Version: 0.3.0
Check: data for non-ASCII characters
Result: NOTE
     Note: found 4 marked UTF-8 strings
Flavors: r-devel-linux-x86_64-fedora-clang, r-devel-linux-x86_64-fedora-gcc, r-patched-solaris-x86, r-release-osx-x86_64, r-oldrel-osx-x86_64