CRAN Package Check Results for Package netCoin

Last updated on 2019-02-20 13:46:35 CET.

Flavor Version Tinstall Tcheck Ttotal Status Flags
r-devel-linux-x86_64-debian-clang 0.3.2 9.32 77.96 87.28 OK
r-devel-linux-x86_64-debian-gcc 0.3.2 7.43 61.02 68.45 OK
r-devel-linux-x86_64-fedora-clang 0.3.2 105.69 NOTE
r-devel-linux-x86_64-fedora-gcc 0.3.2 96.10 NOTE
r-devel-windows-ix86+x86_64 0.3.2 24.00 119.00 143.00 OK
r-patched-linux-x86_64 0.3.2 OK
r-patched-solaris-x86 0.3.2 155.10 NOTE
r-release-linux-x86_64 0.3.2 OK
r-release-windows-ix86+x86_64 0.3.2 13.00 106.00 119.00 OK
r-release-osx-x86_64 0.3.2 NOTE
r-oldrel-windows-ix86+x86_64 0.3.2 9.00 86.00 95.00 OK
r-oldrel-osx-x86_64 0.3.2 NOTE

Check Details

Version: 0.3.2
Check: data for non-ASCII characters
Result: NOTE
     Note: found 4 marked UTF-8 strings
Flavors: r-devel-linux-x86_64-fedora-clang, r-devel-linux-x86_64-fedora-gcc, r-patched-solaris-x86, r-release-osx-x86_64, r-oldrel-osx-x86_64