CRAN Package Check Results for Package netcmc

Last updated on 2022-12-09 11:53:14 CET.

Flavor Version Tinstall Tcheck Ttotal Status Flags
r-devel-linux-x86_64-debian-clang 1.0.2 793.32 136.18 929.50 OK
r-devel-linux-x86_64-debian-gcc 1.0.2 587.62 112.75 700.37 OK
r-devel-linux-x86_64-fedora-clang 1.0.2 1544.84 OK
r-devel-linux-x86_64-fedora-gcc 1.0.2 1213.26 OK
r-devel-windows-x86_64 1.0.2 692.00 221.00 913.00 OK
r-patched-linux-x86_64 1.0.2 652.85 125.51 778.36 OK
r-release-linux-x86_64 1.0.2 634.32 127.71 762.03 OK
r-release-macos-arm64 1.0.2 263.00 NOTE
r-release-macos-x86_64 1.0.2 347.00 NOTE
r-release-windows-x86_64 1.0.2 763.00 193.00 956.00 OK
r-oldrel-macos-arm64 1.0.2 260.00 NOTE
r-oldrel-macos-x86_64 1.0.2 349.00 NOTE
r-oldrel-windows-ix86+x86_64 1.0.2 1892.00 215.00 2107.00 OK

Check Details

Version: 1.0.2
Check: installed package size
Result: NOTE
     installed size is 12.1Mb
     sub-directories of 1Mb or more:
     libs 11.9Mb
Flavors: r-release-macos-arm64, r-release-macos-x86_64, r-oldrel-macos-arm64, r-oldrel-macos-x86_64