CRAN Package Check Results for Package netdiffuseR

Last updated on 2018-05-26 02:48:44 CEST.

Flavor Version Tinstall Tcheck Ttotal Status Flags
r-devel-linux-x86_64-debian-clang 1.19.0 109.26 375.76 485.02 OK
r-devel-linux-x86_64-debian-gcc 1.19.0 100.47 283.98 384.45 OK
r-devel-linux-x86_64-fedora-clang 1.19.0 602.08 NOTE
r-devel-linux-x86_64-fedora-gcc 1.19.0 594.04 NOTE
r-devel-windows-ix86+x86_64 1.19.0 231.00 328.00 559.00 NOTE --no-vignettes
r-patched-linux-x86_64 1.19.0 118.20 306.99 425.19 OK
r-patched-solaris-x86 1.19.0 596.70 OK
r-release-linux-x86_64 1.19.0 116.01 308.40 424.41 OK
r-release-windows-ix86+x86_64 1.19.0 308.00 241.00 549.00 NOTE --no-vignettes
r-release-osx-x86_64 1.19.0 NOTE
r-oldrel-windows-ix86+x86_64 1.19.0 303.00 252.00 555.00 ERROR --no-vignettes
r-oldrel-osx-x86_64 1.19.0 NOTE

Check Details

Version: 1.19.0
Check: installed package size
Result: NOTE
     installed size is 10.0Mb
     sub-directories of 1Mb or more:
     doc 2.1Mb
     libs 6.3Mb
Flavors: r-devel-linux-x86_64-fedora-clang, r-devel-linux-x86_64-fedora-gcc, r-release-osx-x86_64, r-oldrel-osx-x86_64

Version: 1.19.0
Flags: --no-vignettes
Check: installed package size
Result: NOTE
     installed size is 5.9Mb
     sub-directories of 1Mb or more:
     doc 2.1Mb
     libs 2.2Mb
Flavors: r-devel-windows-ix86+x86_64, r-release-windows-ix86+x86_64, r-oldrel-windows-ix86+x86_64

Version: 1.19.0
Flags: --no-vignettes
Check: running examples for arch ‘i386’
Result: ERROR
    Running examples in 'netdiffuseR-Ex.R' failed
    The error most likely occurred in:
    
    > ### Name: exposure
    > ### Title: Ego exposure
    > ### Aliases: exposure exposure
    > ### Keywords: univar
    >
    > ### ** Examples
    >
    > # Calculating lagged exposure -----------------------------------------------
    >
    > set.seed(8)
    > graph <- rdiffnet(20, 4)
    >
    > expo0 <- exposure(graph)
    > expo1 <- exposure(graph, lags = 1)
    >
    > # These should be equivalent
    > stopifnot(all(expo0[, -4] == expo1[, -1])) # No stop!
    >
    >
    > # Calculating the exposure based on Structural Equivalence ------------------
    > set.seed(113132)
    > graph <- rdiffnet(100, 10)
    >
    > SE <- lapply(struct_equiv(graph), "[[", "SE")
    > SE <- lapply(SE, function(x) {
    + x <- 1/x
    + x[!is.finite(x)] <- 0
    + x
    + })
    >
    > # Recall setting valued equal to TRUE!
    > expo_se <- exposure(graph, alt.graph=SE , valued=TRUE)
    >
    > # These three lines are equivalent to:
    > expo_se2 <- exposure(graph, alt.graph="se", valued=TRUE)
Flavor: r-oldrel-windows-ix86+x86_64