CRAN Package Check Results for Package netdiffuseR

Last updated on 2024-02-24 13:49:31 CET.

Flavor Version Tinstall Tcheck Ttotal Status Flags
r-devel-linux-x86_64-debian-clang 1.22.6 174.53 452.56 627.09 OK
r-devel-linux-x86_64-debian-gcc 1.22.6 130.52 334.68 465.20 OK
r-devel-linux-x86_64-fedora-clang 1.22.6 861.90 OK
r-devel-linux-x86_64-fedora-gcc 1.22.6 872.01 OK
r-devel-windows-x86_64 1.22.6 120.00 272.00 392.00 NOTE --no-vignettes
r-patched-linux-x86_64 1.22.6 120.36 441.37 561.73 NOTE
r-release-linux-x86_64 1.22.6 117.60 449.80 567.40 NOTE
r-release-macos-arm64 1.22.6 195.00 NOTE
r-release-macos-x86_64 1.22.6 361.00 NOTE
r-release-windows-x86_64 1.22.6 165.00 324.00 489.00 NOTE --no-vignettes
r-oldrel-macos-arm64 1.22.6 204.00 NOTE
r-oldrel-windows-x86_64 1.22.6 153.00 316.00 469.00 NOTE --no-vignettes

Check Details

Version: 1.22.6
Flags: --no-vignettes
Check: installed package size
Result: NOTE installed size is 5.8Mb sub-directories of 1Mb or more: doc 2.5Mb libs 1.5Mb Flavors: r-devel-windows-x86_64, r-release-windows-x86_64, r-oldrel-windows-x86_64

Version: 1.22.6
Check: package dependencies
Result: NOTE Package suggested but not available for checking: ‘RSiena’ Flavors: r-patched-linux-x86_64, r-release-linux-x86_64

Version: 1.22.6
Check: installed package size
Result: NOTE installed size is 9.9Mb sub-directories of 1Mb or more: doc 2.5Mb libs 5.5Mb Flavors: r-release-macos-arm64, r-release-macos-x86_64, r-oldrel-macos-arm64