CRAN Package Check Results for Package netdiffuseR

Last updated on 2019-02-21 01:50:51 CET.

Flavor Version Tinstall Tcheck Ttotal Status Flags
r-devel-linux-x86_64-debian-clang 1.20.0 114.51 305.71 420.22 OK
r-devel-linux-x86_64-debian-gcc 1.20.0 100.03 228.65 328.68 OK
r-devel-linux-x86_64-fedora-clang 1.20.0 539.50 NOTE
r-devel-linux-x86_64-fedora-gcc 1.20.0 501.03 OK
r-devel-windows-ix86+x86_64 1.20.0 324.00 230.00 554.00 NOTE --no-vignettes
r-patched-linux-x86_64 1.20.0 OK
r-patched-solaris-x86 1.20.0 597.40 OK
r-release-linux-x86_64 1.20.0 OK
r-release-windows-ix86+x86_64 1.20.0 255.00 317.00 572.00 NOTE --no-vignettes
r-release-osx-x86_64 1.20.0 NOTE
r-oldrel-windows-ix86+x86_64 1.20.0 240.00 376.00 616.00 NOTE --no-vignettes
r-oldrel-osx-x86_64 1.20.0 NOTE

Check Details

Version: 1.20.0
Check: installed package size
Result: NOTE
     installed size is 10.1Mb
     sub-directories of 1Mb or more:
     doc 2.2Mb
     libs 6.3Mb
Flavors: r-devel-linux-x86_64-fedora-clang, r-release-osx-x86_64, r-oldrel-osx-x86_64

Version: 1.20.0
Flags: --no-vignettes
Check: installed package size
Result: NOTE
     installed size is 6.0Mb
     sub-directories of 1Mb or more:
     doc 2.2Mb
     libs 2.2Mb
Flavors: r-devel-windows-ix86+x86_64, r-release-windows-ix86+x86_64, r-oldrel-windows-ix86+x86_64