CRAN Package Check Results for Package netdiffuseR

Last updated on 2018-11-19 07:47:34 CET.

Flavor Version Tinstall Tcheck Ttotal Status Flags
r-devel-linux-x86_64-debian-clang OK
r-devel-linux-x86_64-debian-gcc 1.20.0 108.44 231.87 340.31 OK
r-devel-linux-x86_64-fedora-clang 1.20.0 532.19 NOTE
r-devel-linux-x86_64-fedora-gcc 1.20.0 506.86 OK
r-devel-windows-ix86+x86_64 1.20.0 315.00 240.00 555.00 NOTE --no-vignettes
r-patched-linux-x86_64 1.20.0 118.16 295.41 413.57 OK
r-patched-solaris-x86 1.20.0 623.40 OK
r-release-linux-x86_64 1.20.0 118.52 293.73 412.25 OK
r-release-windows-ix86+x86_64 1.20.0 309.00 355.00 664.00 NOTE --no-vignettes
r-release-osx-x86_64 1.20.0 NOTE
r-oldrel-windows-ix86+x86_64 1.20.0 307.00 336.00 643.00 NOTE --no-vignettes
r-oldrel-osx-x86_64 1.20.0 NOTE

Check Details

Version: 1.20.0
Check: installed package size
Result: NOTE
     installed size is 10.6Mb
     sub-directories of 1Mb or more:
     doc 2.2Mb
     libs 6.7Mb
Flavors: r-devel-linux-x86_64-fedora-clang, r-release-osx-x86_64, r-oldrel-osx-x86_64

Version: 1.20.0
Flags: --no-vignettes
Check: installed package size
Result: NOTE
     installed size is 6.0Mb
     sub-directories of 1Mb or more:
     doc 2.2Mb
     libs 2.2Mb
Flavors: r-devel-windows-ix86+x86_64, r-release-windows-ix86+x86_64, r-oldrel-windows-ix86+x86_64