CRAN Package Check Results for Package netdiffuseR

Last updated on 2018-02-23 20:48:49 CET.

Flavor Version Tinstall Tcheck Ttotal Status Flags
r-devel-linux-x86_64-debian-clang 1.19.0 112.45 293.48 405.93 OK
r-devel-linux-x86_64-debian-gcc 1.19.0 97.43 215.56 312.99 OK
r-devel-linux-x86_64-fedora-clang 1.19.0 516.00 NOTE
r-devel-linux-x86_64-fedora-gcc 1.19.0 490.19 NOTE
r-devel-windows-ix86+x86_64 1.19.0 292.00 210.00 502.00 NOTE --no-vignettes
r-patched-linux-x86_64 1.19.0 116.60 319.30 435.90 OK
r-patched-solaris-x86 1.19.0 554.00 NOTE
r-release-linux-x86_64 1.19.0 114.22 316.04 430.26 OK
r-release-windows-ix86+x86_64 1.19.0 292.00 372.00 664.00 NOTE --no-vignettes
r-release-osx-x86_64 1.19.0 NOTE
r-oldrel-windows-ix86+x86_64 1.19.0 225.00 326.00 551.00 NOTE --no-vignettes
r-oldrel-osx-x86_64 1.19.0 NOTE

Check Details

Version: 1.19.0
Check: installed package size
Result: NOTE
     installed size is 10.3Mb
     sub-directories of 1Mb or more:
     doc 2.1Mb
     libs 6.7Mb
Flavors: r-devel-linux-x86_64-fedora-clang, r-devel-linux-x86_64-fedora-gcc, r-release-osx-x86_64, r-oldrel-osx-x86_64

Version: 1.19.0
Flags: --no-vignettes
Check: installed package size
Result: NOTE
     installed size is 5.9Mb
     sub-directories of 1Mb or more:
     doc 2.1Mb
     libs 2.2Mb
Flavors: r-devel-windows-ix86+x86_64, r-release-windows-ix86+x86_64, r-oldrel-windows-ix86+x86_64

Version: 1.19.0
Check: package dependencies
Result: NOTE
    Package suggested but not available for checking: ‘RSiena’
Flavor: r-patched-solaris-x86