CRAN Package Check Results for Package netgwas

Last updated on 2018-02-23 20:48:49 CET.

Flavor Version Tinstall Tcheck Ttotal Status Flags
r-devel-linux-x86_64-debian-clang 0.1.3.1 7.29 98.56 105.85 OK
r-devel-linux-x86_64-debian-gcc 0.1.3.1 5.03 77.37 82.40 OK
r-devel-linux-x86_64-fedora-clang 0.1.3.1 129.41 OK
r-devel-linux-x86_64-fedora-gcc 0.1.3.1 123.30 OK
r-devel-windows-ix86+x86_64 0.1.3.1 14.00 136.00 150.00 OK
r-patched-linux-x86_64 0.1.3.1 4.92 101.29 106.21 OK
r-patched-solaris-x86 0.1.3.1 184.50 OK
r-release-linux-x86_64 0.1.3.1 4.50 97.23 101.73 OK
r-release-windows-ix86+x86_64 0.1.3.1 15.00 142.00 157.00 OK
r-release-osx-x86_64 0.1.3.1 OK
r-oldrel-windows-ix86+x86_64 0.1.3.1 9.00 133.00 142.00 OK
r-oldrel-osx-x86_64 0.0.1-1 NOTE

Check Details

Version: 0.0.1-1
Check: dependencies in R code
Result: NOTE
    Namespace in Imports field not imported from: ‘ggcorrplot’
     All declared Imports should be used.
Flavor: r-oldrel-osx-x86_64